{"id":11536,"date":"2025-01-04T16:08:59","date_gmt":"2025-01-04T15:08:59","guid":{"rendered":"https:\/\/interkultur.fr\/?post_type=product&#038;p=11536"},"modified":"2026-01-13T14:47:09","modified_gmt":"2026-01-13T13:47:09","slug":"11536","status":"publish","type":"product","link":"https:\/\/interkultur.fr\/en\/produit\/11536\/","title":{"rendered":"The Chateau de Neuilly and the Black Madonna"},"content":{"rendered":"<p><strong>Practical Information:<\/strong><br \/>\n&#8211; Meeting point: M\u00e9tro Pont de Neuilly<br \/>\n&#8211; Duration: 2h<br \/>\n&#8211; on foot<br \/>\n&#8211; Private group rate: 300\u20ac TTC up to 20 people \/ 350\u20ac TTC up to 25 people<\/p>\n<p>Located in Neuilly-sur-Seine, the Congregation of the <strong>Sisters of Saint Thomas de Villeneuve<\/strong> offers a rich and little-known history in a <strong>surprising location<\/strong>. The building is nestled in a green setting comprising a former wing of the <strong>Ch\u00e2teau de Neuilly<\/strong>, which belonged to <strong>Louis Philippe d&#8217;Orl\u00e9ans<\/strong>, King of France in 1830. A few years earlier, Napoleon had given the ch\u00e2teau as a gift to his sister, Princess <strong>Pauline Borghese<\/strong>.<br \/>\nDuring the Revolution of 1848, the ch\u00e2teau was stormed and looted, and two-thirds of it was destroyed. The park also lost much of its surface area.   <\/p>\n<p>The remaining wing is now occupied by the sisters, but other buildings were added when the congregation moved in. Today, it&#8217;s the <strong>mother house<\/strong>, welcoming visitors from communities all over the world. <\/p>\n<p>These include <strong>the apartments of Madame Ad\u00e9la\u00efde<\/strong>, sister of Louis Philippe. The main room, filled with portraits and memorabilia, is used for important acts and meetings.<br \/>\nThe main feature of the site is the Notre-Dame de Bonne Esp\u00e9rance chapel, known to the faithful for its magnificent <strong>14th-century Black Madonna<\/strong>.<br \/>\nFinally, there is a <strong>magnificent and unexpected garden<\/strong>, usually inaccessible to the outside public.<br \/>\nA sale of products (postcards, books, statuettes, etc.) is available at the end of the tour. <\/p>\n<p>The meeting point is at the Pont de Neuilly metro station exit (exit 1).<\/p>\n","protected":false},"excerpt":{"rendered":"<p><strong>The former Ch\u00e2teau de Neuilly<\/strong> is a little-known place in the heart of the city. Extensively enlarged in the 19th century, it was home to Louis Philippe and his family, when he was the last king of France.<br \/>\nMuch of the ch\u00e2teau was destroyed and ravaged after its fall in 1848.<br \/>\nAfter several other functions, the Sisters of <strong>Saint Thomas de Villeneuve<\/strong> acquired the premises.<br \/>\nThe property and gardens are much smaller than they were in the 19th century. But they offer a fine visit, with historic rooms, <strong>a large private garden<\/strong> and a church containing the famous <strong>Black Madonna<\/strong>.  <\/p>\n","protected":false},"featured_media":11542,"template":"","meta":{"_price":"","_stock":"","_tribe_ticket_header":"","_tribe_default_ticket_provider":"","_tribe_ticket_capacity":"0","_ticket_start_date":"","_ticket_end_date":"","_tribe_ticket_show_description":"","_tribe_ticket_show_not_going":false,"_tribe_ticket_use_global_stock":"","_tribe_ticket_global_stock_level":"","_global_stock_mode":"","_global_stock_cap":"","_tribe_rsvp_for_event":"","_tribe_ticket_going_count":"","_tribe_ticket_not_going_count":"","_tribe_tickets_list":"[]","_tribe_ticket_has_attendee_info_fields":false,"_tec_slr_enabled":"","_tec_slr_layout":""},"product_brand":[],"product_cat":[143],"product_tag":[],"class_list":{"0":"post-11536","1":"product","2":"type-product","3":"status-publish","4":"has-post-thumbnail","6":"product_cat-visit-paris","8":"first","9":"instock","10":"featured","11":"virtual","12":"product-type-simple"},"yoast_head":"<!-- This site is optimized with the Yoast SEO plugin v27.5 - https:\/\/yoast.com\/product\/yoast-seo-wordpress\/ -->\n<title>The Chateau de Neuilly and the Black Madonna - Interkultur<\/title>\n<meta name=\"description\" content=\"The Chateau de Neuilly is a beautiful property with a long history, treasures and memories, but also a convent of nuns.\" \/>\n<meta name=\"robots\" content=\"index, follow, max-snippet:-1, max-image-preview:large, max-video-preview:-1\" \/>\n<link rel=\"canonical\" href=\"https:\/\/interkultur.fr\/en\/produit\/11536\/\" \/>\n<meta property=\"og:locale\" content=\"en_US\" \/>\n<meta property=\"og:type\" content=\"article\" \/>\n<meta property=\"og:title\" content=\"The Chateau de Neuilly and the Black Madonna - Interkultur\" \/>\n<meta property=\"og:description\" content=\"The Chateau de Neuilly is a beautiful property with a long history, treasures and memories, but also a convent of nuns.\" \/>\n<meta property=\"og:url\" content=\"https:\/\/interkultur.fr\/en\/produit\/11536\/\" \/>\n<meta property=\"og:site_name\" content=\"Interkultur\" \/>\n<meta property=\"article:modified_time\" content=\"2026-01-13T13:47:09+00:00\" \/>\n<meta property=\"og:image\" content=\"https:\/\/interkultur.fr\/wp-content\/uploads\/2025\/01\/IMG_3458.jpeg\" \/>\n\t<meta property=\"og:image:width\" content=\"1536\" \/>\n\t<meta property=\"og:image:height\" content=\"2048\" \/>\n\t<meta property=\"og:image:type\" content=\"image\/jpeg\" \/>\n<meta name=\"twitter:card\" content=\"summary_large_image\" \/>\n<script type=\"application\/ld+json\" class=\"yoast-schema-graph\">{\"@context\":\"https:\\\/\\\/schema.org\",\"@graph\":[{\"@type\":\"WebPage\",\"@id\":\"https:\\\/\\\/interkultur.fr\\\/en\\\/produit\\\/11536\\\/\",\"url\":\"https:\\\/\\\/interkultur.fr\\\/en\\\/produit\\\/11536\\\/\",\"name\":\"The Chateau de Neuilly and the Black Madonna - Interkultur\",\"isPartOf\":{\"@id\":\"https:\\\/\\\/interkultur.fr\\\/en\\\/#website\"},\"primaryImageOfPage\":{\"@id\":\"https:\\\/\\\/interkultur.fr\\\/en\\\/produit\\\/11536\\\/#primaryimage\"},\"image\":{\"@id\":\"https:\\\/\\\/interkultur.fr\\\/en\\\/produit\\\/11536\\\/#primaryimage\"},\"thumbnailUrl\":\"https:\\\/\\\/interkultur.fr\\\/wp-content\\\/uploads\\\/2025\\\/01\\\/IMG_3458.jpeg\",\"datePublished\":\"2025-01-04T15:08:59+00:00\",\"dateModified\":\"2026-01-13T13:47:09+00:00\",\"description\":\"The Chateau de Neuilly is a beautiful property with a long history, treasures and memories, but also a convent of nuns.\",\"breadcrumb\":{\"@id\":\"https:\\\/\\\/interkultur.fr\\\/en\\\/produit\\\/11536\\\/#breadcrumb\"},\"inLanguage\":\"en-US\",\"potentialAction\":[{\"@type\":\"ReadAction\",\"target\":[\"https:\\\/\\\/interkultur.fr\\\/en\\\/produit\\\/11536\\\/\"]}]},{\"@type\":\"ImageObject\",\"inLanguage\":\"en-US\",\"@id\":\"https:\\\/\\\/interkultur.fr\\\/en\\\/produit\\\/11536\\\/#primaryimage\",\"url\":\"https:\\\/\\\/interkultur.fr\\\/wp-content\\\/uploads\\\/2025\\\/01\\\/IMG_3458.jpeg\",\"contentUrl\":\"https:\\\/\\\/interkultur.fr\\\/wp-content\\\/uploads\\\/2025\\\/01\\\/IMG_3458.jpeg\",\"width\":1536,\"height\":2048},{\"@type\":\"BreadcrumbList\",\"@id\":\"https:\\\/\\\/interkultur.fr\\\/en\\\/produit\\\/11536\\\/#breadcrumb\",\"itemListElement\":[{\"@type\":\"ListItem\",\"position\":1,\"name\":\"Accueil\",\"item\":\"https:\\\/\\\/interkultur.fr\\\/en\\\/\"},{\"@type\":\"ListItem\",\"position\":2,\"name\":\"Shop\",\"item\":\"https:\\\/\\\/interkultur.fr\\\/en\\\/shop\\\/\"},{\"@type\":\"ListItem\",\"position\":3,\"name\":\"The Chateau de Neuilly and the Black Madonna\"}]},{\"@type\":\"WebSite\",\"@id\":\"https:\\\/\\\/interkultur.fr\\\/en\\\/#website\",\"url\":\"https:\\\/\\\/interkultur.fr\\\/en\\\/\",\"name\":\"Interkultur\",\"description\":\"Visites et \u00e9v\u00e9nements culturels dans le Paris secret li\u00e9s \u00e0 l\u2019Histoire, l\u2019art, et la valorisation du patrimoine et des savoirs faire.\",\"potentialAction\":[{\"@type\":\"SearchAction\",\"target\":{\"@type\":\"EntryPoint\",\"urlTemplate\":\"https:\\\/\\\/interkultur.fr\\\/en\\\/?s={search_term_string}\"},\"query-input\":{\"@type\":\"PropertyValueSpecification\",\"valueRequired\":true,\"valueName\":\"search_term_string\"}}],\"inLanguage\":\"en-US\"}]}<\/script>\n<!-- \/ Yoast SEO plugin. -->","yoast_head_json":{"title":"The Chateau de Neuilly and the Black Madonna - Interkultur","description":"The Chateau de Neuilly is a beautiful property with a long history, treasures and memories, but also a convent of nuns.","robots":{"index":"index","follow":"follow","max-snippet":"max-snippet:-1","max-image-preview":"max-image-preview:large","max-video-preview":"max-video-preview:-1"},"canonical":"https:\/\/interkultur.fr\/en\/produit\/11536\/","og_locale":"en_US","og_type":"article","og_title":"The Chateau de Neuilly and the Black Madonna - Interkultur","og_description":"The Chateau de Neuilly is a beautiful property with a long history, treasures and memories, but also a convent of nuns.","og_url":"https:\/\/interkultur.fr\/en\/produit\/11536\/","og_site_name":"Interkultur","article_modified_time":"2026-01-13T13:47:09+00:00","og_image":[{"width":1536,"height":2048,"url":"https:\/\/interkultur.fr\/wp-content\/uploads\/2025\/01\/IMG_3458.jpeg","type":"image\/jpeg"}],"twitter_card":"summary_large_image","schema":{"@context":"https:\/\/schema.org","@graph":[{"@type":"WebPage","@id":"https:\/\/interkultur.fr\/en\/produit\/11536\/","url":"https:\/\/interkultur.fr\/en\/produit\/11536\/","name":"The Chateau de Neuilly and the Black Madonna - Interkultur","isPartOf":{"@id":"https:\/\/interkultur.fr\/en\/#website"},"primaryImageOfPage":{"@id":"https:\/\/interkultur.fr\/en\/produit\/11536\/#primaryimage"},"image":{"@id":"https:\/\/interkultur.fr\/en\/produit\/11536\/#primaryimage"},"thumbnailUrl":"https:\/\/interkultur.fr\/wp-content\/uploads\/2025\/01\/IMG_3458.jpeg","datePublished":"2025-01-04T15:08:59+00:00","dateModified":"2026-01-13T13:47:09+00:00","description":"The Chateau de Neuilly is a beautiful property with a long history, treasures and memories, but also a convent of nuns.","breadcrumb":{"@id":"https:\/\/interkultur.fr\/en\/produit\/11536\/#breadcrumb"},"inLanguage":"en-US","potentialAction":[{"@type":"ReadAction","target":["https:\/\/interkultur.fr\/en\/produit\/11536\/"]}]},{"@type":"ImageObject","inLanguage":"en-US","@id":"https:\/\/interkultur.fr\/en\/produit\/11536\/#primaryimage","url":"https:\/\/interkultur.fr\/wp-content\/uploads\/2025\/01\/IMG_3458.jpeg","contentUrl":"https:\/\/interkultur.fr\/wp-content\/uploads\/2025\/01\/IMG_3458.jpeg","width":1536,"height":2048},{"@type":"BreadcrumbList","@id":"https:\/\/interkultur.fr\/en\/produit\/11536\/#breadcrumb","itemListElement":[{"@type":"ListItem","position":1,"name":"Accueil","item":"https:\/\/interkultur.fr\/en\/"},{"@type":"ListItem","position":2,"name":"Shop","item":"https:\/\/interkultur.fr\/en\/shop\/"},{"@type":"ListItem","position":3,"name":"The Chateau de Neuilly and the Black Madonna"}]},{"@type":"WebSite","@id":"https:\/\/interkultur.fr\/en\/#website","url":"https:\/\/interkultur.fr\/en\/","name":"Interkultur","description":"Visites et \u00e9v\u00e9nements culturels dans le Paris secret li\u00e9s \u00e0 l\u2019Histoire, l\u2019art, et la valorisation du patrimoine et des savoirs faire.","potentialAction":[{"@type":"SearchAction","target":{"@type":"EntryPoint","urlTemplate":"https:\/\/interkultur.fr\/en\/?s={search_term_string}"},"query-input":{"@type":"PropertyValueSpecification","valueRequired":true,"valueName":"search_term_string"}}],"inLanguage":"en-US"}]}},"_links":{"self":[{"href":"https:\/\/interkultur.fr\/en\/wp-json\/wp\/v2\/product\/11536","targetHints":{"allow":["GET"]}}],"collection":[{"href":"https:\/\/interkultur.fr\/en\/wp-json\/wp\/v2\/product"}],"about":[{"href":"https:\/\/interkultur.fr\/en\/wp-json\/wp\/v2\/types\/product"}],"wp:featuredmedia":[{"embeddable":true,"href":"https:\/\/interkultur.fr\/en\/wp-json\/wp\/v2\/media\/11542"}],"wp:attachment":[{"href":"https:\/\/interkultur.fr\/en\/wp-json\/wp\/v2\/media?parent=11536"}],"wp:term":[{"taxonomy":"product_brand","embeddable":true,"href":"https:\/\/interkultur.fr\/en\/wp-json\/wp\/v2\/product_brand?post=11536"},{"taxonomy":"product_cat","embeddable":true,"href":"https:\/\/interkultur.fr\/en\/wp-json\/wp\/v2\/product_cat?post=11536"},{"taxonomy":"product_tag","embeddable":true,"href":"https:\/\/interkultur.fr\/en\/wp-json\/wp\/v2\/product_tag?post=11536"}],"curies":[{"name":"wp","href":"https:\/\/api.w.org\/{rel}","templated":true}]}}

<p><strong>Practical Information:</strong><br />
&#8211; Meeting point: Métro Pont de Neuilly<br />
&#8211; Duration: 2h<br />
&#8211; on foot<br />
&#8211; Private group rate: 300€ TTC up to 20 people / 350€ TTC up to 25 people</p>
<p>Located in Neuilly-sur-Seine, the Congregation of the <strong>Sisters of Saint Thomas de Villeneuve</strong> offers a rich and little-known history in a <strong>surprising location</strong>. The building is nestled in a green setting comprising a former wing of the <strong>Château de Neuilly</strong>, which belonged to <strong>Louis Philippe d&#8217;Orléans</strong>, King of France in 1830. A few years earlier, Napoleon had given the château as a gift to his sister, Princess <strong>Pauline Borghese</strong>.<br />
During the Revolution of 1848, the château was stormed and looted, and two-thirds of it was destroyed. The park also lost much of its surface area.   </p>
<p>The remaining wing is now occupied by the sisters, but other buildings were added when the congregation moved in. Today, it&#8217;s the <strong>mother house</strong>, welcoming visitors from communities all over the world. </p>
<p>These include <strong>the apartments of Madame Adélaïde</strong>, sister of Louis Philippe. The main room, filled with portraits and memorabilia, is used for important acts and meetings.<br />
The main feature of the site is the Notre-Dame de Bonne Espérance chapel, known to the faithful for its magnificent <strong>14th-century Black Madonna</strong>.<br />
Finally, there is a <strong>magnificent and unexpected garden</strong>, usually inaccessible to the outside public.<br />
A sale of products (postcards, books, statuettes, etc.) is available at the end of the tour. </p>
<p>The meeting point is at the Pont de Neuilly metro station exit (exit 1).</p>

<p><strong>The former Château de Neuilly</strong> is a little-known place in the heart of the city. Extensively enlarged in the 19th century, it was home to Louis Philippe and his family, when he was the last king of France.<br />
Much of the château was destroyed and ravaged after its fall in 1848.<br />
After several other functions, the Sisters of <strong>Saint Thomas de Villeneuve</strong> acquired the premises.<br />
The property and gardens are much smaller than they were in the 19th century. But they offer a fine visit, with historic rooms, <strong>a large private garden</strong> and a church containing the famous <strong>Black Madonna</strong>.  </p>

<!-- This site is optimized with the Yoast SEO plugin v27.5 - https://yoast.com/product/yoast-seo-wordpress/ -->
<title>The Chateau de Neuilly and the Black Madonna - Interkultur</title>
<meta name="description" content="The Chateau de Neuilly is a beautiful property with a long history, treasures and memories, but also a convent of nuns." />
<meta name="robots" content="index, follow, max-snippet:-1, max-image-preview:large, max-video-preview:-1" />
<link rel="canonical" href="https://interkultur.fr/en/produit/11536/" />
<meta property="og:locale" content="en_US" />
<meta property="og:type" content="article" />
<meta property="og:title" content="The Chateau de Neuilly and the Black Madonna - Interkultur" />
<meta property="og:description" content="The Chateau de Neuilly is a beautiful property with a long history, treasures and memories, but also a convent of nuns." />
<meta property="og:url" content="https://interkultur.fr/en/produit/11536/" />
<meta property="og:site_name" content="Interkultur" />
<meta property="article:modified_time" content="2026-01-13T13:47:09+00:00" />
<meta property="og:image" content="https://interkultur.fr/wp-content/uploads/2025/01/IMG_3458.jpeg" />
	<meta property="og:image:width" content="1536" />
	<meta property="og:image:height" content="2048" />
	<meta property="og:image:type" content="image/jpeg" />
<meta name="twitter:card" content="summary_large_image" />
<script type="application/ld+json" class="yoast-schema-graph">{"@context":"https:\/\/schema.org","@graph":[{"@type":"WebPage","@id":"https:\/\/interkultur.fr\/en\/produit\/11536\/","url":"https:\/\/interkultur.fr\/en\/produit\/11536\/","name":"The Chateau de Neuilly and the Black Madonna - Interkultur","isPartOf":{"@id":"https:\/\/interkultur.fr\/en\/#website"},"primaryImageOfPage":{"@id":"https:\/\/interkultur.fr\/en\/produit\/11536\/#primaryimage"},"image":{"@id":"https:\/\/interkultur.fr\/en\/produit\/11536\/#primaryimage"},"thumbnailUrl":"https:\/\/interkultur.fr\/wp-content\/uploads\/2025\/01\/IMG_3458.jpeg","datePublished":"2025-01-04T15:08:59+00:00","dateModified":"2026-01-13T13:47:09+00:00","description":"The Chateau de Neuilly is a beautiful property with a long history, treasures and memories, but also a convent of nuns.","breadcrumb":{"@id":"https:\/\/interkultur.fr\/en\/produit\/11536\/#breadcrumb"},"inLanguage":"en-US","potentialAction":[{"@type":"ReadAction","target":["https:\/\/interkultur.fr\/en\/produit\/11536\/"]}]},{"@type":"ImageObject","inLanguage":"en-US","@id":"https:\/\/interkultur.fr\/en\/produit\/11536\/#primaryimage","url":"https:\/\/interkultur.fr\/wp-content\/uploads\/2025\/01\/IMG_3458.jpeg","contentUrl":"https:\/\/interkultur.fr\/wp-content\/uploads\/2025\/01\/IMG_3458.jpeg","width":1536,"height":2048},{"@type":"BreadcrumbList","@id":"https:\/\/interkultur.fr\/en\/produit\/11536\/#breadcrumb","itemListElement":[{"@type":"ListItem","position":1,"name":"Accueil","item":"https:\/\/interkultur.fr\/en\/"},{"@type":"ListItem","position":2,"name":"Shop","item":"https:\/\/interkultur.fr\/en\/shop\/"},{"@type":"ListItem","position":3,"name":"The Chateau de Neuilly and the Black Madonna"}]},{"@type":"WebSite","@id":"https:\/\/interkultur.fr\/en\/#website","url":"https:\/\/interkultur.fr\/en\/","name":"Interkultur","description":"Visites et événements culturels dans le Paris secret liés à l’Histoire, l’art, et la valorisation du patrimoine et des savoirs faire.","potentialAction":[{"@type":"SearchAction","target":{"@type":"EntryPoint","urlTemplate":"https:\/\/interkultur.fr\/en\/?s={search_term_string}"},"query-input":{"@type":"PropertyValueSpecification","valueRequired":true,"valueName":"search_term_string"}}],"inLanguage":"en-US"}]}</script>
<!-- / Yoast SEO plugin. -->

Visites et événements culturels dans le Paris secret liés à l’Histoire, l’art, et la valorisation du patrimoine et des savoirs faire.
