{"id":5750,"date":"2024-02-06T15:16:06","date_gmt":"2024-02-06T14:16:06","guid":{"rendered":"https:\/\/interkultur.fr\/?post_type=product&#038;p=5750"},"modified":"2024-12-06T12:59:24","modified_gmt":"2024-12-06T11:59:24","slug":"administrative-court-of-appeal-of-paris","status":"publish","type":"product","link":"https:\/\/interkultur.fr\/en\/produit\/administrative-court-of-appeal-of-paris\/","title":{"rendered":"Administrative court of appeal of Paris"},"content":{"rendered":"<h3>City of Paris court of appeal<\/h3>\n<p><strong>Practical Informations<\/strong><br \/>\n\u2022 Meeting Point: M\u00e9tro saint Paul (line 1)<br \/>\n\u2022 Duration : 1.45 hr<br \/>\n\u2022 Walking tour<br \/>\n\u2022 Small group (2 to 8 people) 50-80\u20ac pp + ticket<br \/>\n\u2022 Private group tours 350\u20ac (entrance ticket included)<\/p>\n<p>&nbsp;<\/p>\n<p style=\"text-align: justify;\">All acts by the administration may be challenged by citizens in an administrative tribunal throughout France. The administrative court of appeal in Paris is set in a multi-secular <strong>superb building<\/strong> known as the <strong>hotel de Beauvais<\/strong>.<br \/>\nThe mansion, a historic monument built in the middle of the 17th century on the plans of <strong>Antoine Lepautre<\/strong>, owed its salvation to the intervention of the State which, at the suggestion of the Council of State, decided in 1995 to make it the <strong>seat of the Administrative Court of Appeal of Paris<\/strong> at the price of important works of restoration.<\/p>\n<p style=\"text-align: justify;\">The visit will show <strong>the great audience room<\/strong> as well as <strong>the vast waiting room<\/strong>.<br \/>\nWith the exception of the garden, the renovation has respected the original layout of the hotel and one can admire <strong>the grand staircase<\/strong> of honor, <strong>the courtyard of honor<\/strong>, the staircase leading to the old chapel, as well as <strong>the medieval hall<\/strong> located in the basement in a state very close to that discovered by the first owners of the hotel, Pierre and Catherine de Beauvais, the first maid of Queen Ann of Austria, better known under the name of Catherine B\u00e9lier, also called &#8220;<strong>one eye Cathy<\/strong>&#8220;, to whom Saint-Simon attributes the merit of having initiated the young Louis XIV to the pleasures of love.<\/p>\n<p>Learn also how young <strong>Mozart<\/strong> stayed for 6 months in the mansion with his father when te H\u00f4tel was the Bavarian embassy. Ravaged after the <strong>French Revolution<\/strong> and parted in many small apartments the H\u00f4tel de Beauvais lost all its interior decorating. The Jewish owners were deported during the last war leading to its acquisition by the <strong>City of Paris<\/strong> in 1943.<\/p>\n<p>&nbsp;<\/p>\n","protected":false},"excerpt":{"rendered":"<p>The administrative court of appeal of Paris, located in the hotel de Beauvais, is <strong>rarely open<\/strong> to the public.<br \/>\nOn very special occasion, the court has no session, this is why some reserved areas will be exceptionally open!<br \/>\nOn the day of the visit, on top of the overall history of the building, we&#8217;ll be able to admire the <strong>magnificent courtyard<\/strong>, the grand staircase, the main court room and special waiting room as well as the <strong>rare medieval cellars<\/strong>.<\/p>\n","protected":false},"featured_media":4899,"template":"","meta":{"_price":"","_stock":"","_tribe_ticket_header":"","_tribe_default_ticket_provider":"","_tribe_ticket_capacity":"0","_ticket_start_date":"","_ticket_end_date":"","_tribe_ticket_show_description":"","_tribe_ticket_show_not_going":false,"_tribe_ticket_use_global_stock":"","_tribe_ticket_global_stock_level":"","_global_stock_mode":"","_global_stock_cap":"","_tribe_rsvp_for_event":"","_tribe_ticket_going_count":"","_tribe_ticket_not_going_count":"","_tribe_tickets_list":"[]","_tribe_ticket_has_attendee_info_fields":false,"_tec_slr_enabled":"","_tec_slr_layout":""},"product_brand":[],"product_cat":[143],"product_tag":[],"class_list":{"0":"post-5750","1":"product","2":"type-product","3":"status-publish","4":"has-post-thumbnail","6":"product_cat-visit-paris","8":"first","9":"instock","10":"featured","11":"virtual","12":"product-type-simple"},"yoast_head":"<!-- This site is optimized with the Yoast SEO plugin v27.5 - https:\/\/yoast.com\/product\/yoast-seo-wordpress\/ -->\n<title>Administrative court of appeal of Paris - Interkultur<\/title>\n<meta name=\"robots\" content=\"index, follow, max-snippet:-1, max-image-preview:large, max-video-preview:-1\" \/>\n<link rel=\"canonical\" href=\"https:\/\/interkultur.fr\/en\/produit\/administrative-court-of-appeal-of-paris\/\" \/>\n<meta property=\"og:locale\" content=\"en_US\" \/>\n<meta property=\"og:type\" content=\"article\" \/>\n<meta property=\"og:title\" content=\"Administrative court of appeal of Paris - Interkultur\" \/>\n<meta property=\"og:description\" content=\"The administrative court of appeal of Paris, located in the hotel de Beauvais, is rarely open to the public. On very special occasion, the court has no session, this is why some reserved areas will be exceptionally open! On the day of the visit, on top of the overall history of the building, we&#039;ll be able to admire the magnificent courtyard, the grand staircase, the main court room and special waiting room as well as the rare medieval cellars.\" \/>\n<meta property=\"og:url\" content=\"https:\/\/interkultur.fr\/en\/produit\/administrative-court-of-appeal-of-paris\/\" \/>\n<meta property=\"og:site_name\" content=\"Interkultur\" \/>\n<meta property=\"article:modified_time\" content=\"2024-12-06T11:59:24+00:00\" \/>\n<meta property=\"og:image\" content=\"https:\/\/interkultur.fr\/wp-content\/uploads\/2023\/12\/Marais-aristocratique-scaled.jpg\" \/>\n\t<meta property=\"og:image:width\" content=\"2560\" \/>\n\t<meta property=\"og:image:height\" content=\"1920\" \/>\n\t<meta property=\"og:image:type\" content=\"image\/jpeg\" \/>\n<meta name=\"twitter:card\" content=\"summary_large_image\" \/>\n<script type=\"application\/ld+json\" class=\"yoast-schema-graph\">{\"@context\":\"https:\\\/\\\/schema.org\",\"@graph\":[{\"@type\":\"WebPage\",\"@id\":\"https:\\\/\\\/interkultur.fr\\\/en\\\/produit\\\/administrative-court-of-appeal-of-paris\\\/\",\"url\":\"https:\\\/\\\/interkultur.fr\\\/en\\\/produit\\\/administrative-court-of-appeal-of-paris\\\/\",\"name\":\"Administrative court of appeal of Paris - Interkultur\",\"isPartOf\":{\"@id\":\"https:\\\/\\\/interkultur.fr\\\/en\\\/#website\"},\"primaryImageOfPage\":{\"@id\":\"https:\\\/\\\/interkultur.fr\\\/en\\\/produit\\\/administrative-court-of-appeal-of-paris\\\/#primaryimage\"},\"image\":{\"@id\":\"https:\\\/\\\/interkultur.fr\\\/en\\\/produit\\\/administrative-court-of-appeal-of-paris\\\/#primaryimage\"},\"thumbnailUrl\":\"https:\\\/\\\/interkultur.fr\\\/wp-content\\\/uploads\\\/2023\\\/12\\\/Marais-aristocratique-scaled.jpg\",\"datePublished\":\"2024-02-06T14:16:06+00:00\",\"dateModified\":\"2024-12-06T11:59:24+00:00\",\"breadcrumb\":{\"@id\":\"https:\\\/\\\/interkultur.fr\\\/en\\\/produit\\\/administrative-court-of-appeal-of-paris\\\/#breadcrumb\"},\"inLanguage\":\"en-US\",\"potentialAction\":[{\"@type\":\"ReadAction\",\"target\":[\"https:\\\/\\\/interkultur.fr\\\/en\\\/produit\\\/administrative-court-of-appeal-of-paris\\\/\"]}]},{\"@type\":\"ImageObject\",\"inLanguage\":\"en-US\",\"@id\":\"https:\\\/\\\/interkultur.fr\\\/en\\\/produit\\\/administrative-court-of-appeal-of-paris\\\/#primaryimage\",\"url\":\"https:\\\/\\\/interkultur.fr\\\/wp-content\\\/uploads\\\/2023\\\/12\\\/Marais-aristocratique-scaled.jpg\",\"contentUrl\":\"https:\\\/\\\/interkultur.fr\\\/wp-content\\\/uploads\\\/2023\\\/12\\\/Marais-aristocratique-scaled.jpg\",\"width\":2560,\"height\":1920},{\"@type\":\"BreadcrumbList\",\"@id\":\"https:\\\/\\\/interkultur.fr\\\/en\\\/produit\\\/administrative-court-of-appeal-of-paris\\\/#breadcrumb\",\"itemListElement\":[{\"@type\":\"ListItem\",\"position\":1,\"name\":\"Accueil\",\"item\":\"https:\\\/\\\/interkultur.fr\\\/en\\\/\"},{\"@type\":\"ListItem\",\"position\":2,\"name\":\"Shop\",\"item\":\"https:\\\/\\\/interkultur.fr\\\/en\\\/shop\\\/\"},{\"@type\":\"ListItem\",\"position\":3,\"name\":\"Administrative court of appeal of Paris\"}]},{\"@type\":\"WebSite\",\"@id\":\"https:\\\/\\\/interkultur.fr\\\/en\\\/#website\",\"url\":\"https:\\\/\\\/interkultur.fr\\\/en\\\/\",\"name\":\"Interkultur\",\"description\":\"Visites et \u00e9v\u00e9nements culturels dans le Paris secret li\u00e9s \u00e0 l\u2019Histoire, l\u2019art, et la valorisation du patrimoine et des savoirs faire.\",\"potentialAction\":[{\"@type\":\"SearchAction\",\"target\":{\"@type\":\"EntryPoint\",\"urlTemplate\":\"https:\\\/\\\/interkultur.fr\\\/en\\\/?s={search_term_string}\"},\"query-input\":{\"@type\":\"PropertyValueSpecification\",\"valueRequired\":true,\"valueName\":\"search_term_string\"}}],\"inLanguage\":\"en-US\"}]}<\/script>\n<!-- \/ Yoast SEO plugin. -->","yoast_head_json":{"title":"Administrative court of appeal of Paris - Interkultur","robots":{"index":"index","follow":"follow","max-snippet":"max-snippet:-1","max-image-preview":"max-image-preview:large","max-video-preview":"max-video-preview:-1"},"canonical":"https:\/\/interkultur.fr\/en\/produit\/administrative-court-of-appeal-of-paris\/","og_locale":"en_US","og_type":"article","og_title":"Administrative court of appeal of Paris - Interkultur","og_description":"The administrative court of appeal of Paris, located in the hotel de Beauvais, is rarely open to the public. On very special occasion, the court has no session, this is why some reserved areas will be exceptionally open! On the day of the visit, on top of the overall history of the building, we'll be able to admire the magnificent courtyard, the grand staircase, the main court room and special waiting room as well as the rare medieval cellars.","og_url":"https:\/\/interkultur.fr\/en\/produit\/administrative-court-of-appeal-of-paris\/","og_site_name":"Interkultur","article_modified_time":"2024-12-06T11:59:24+00:00","og_image":[{"width":2560,"height":1920,"url":"https:\/\/interkultur.fr\/wp-content\/uploads\/2023\/12\/Marais-aristocratique-scaled.jpg","type":"image\/jpeg"}],"twitter_card":"summary_large_image","schema":{"@context":"https:\/\/schema.org","@graph":[{"@type":"WebPage","@id":"https:\/\/interkultur.fr\/en\/produit\/administrative-court-of-appeal-of-paris\/","url":"https:\/\/interkultur.fr\/en\/produit\/administrative-court-of-appeal-of-paris\/","name":"Administrative court of appeal of Paris - Interkultur","isPartOf":{"@id":"https:\/\/interkultur.fr\/en\/#website"},"primaryImageOfPage":{"@id":"https:\/\/interkultur.fr\/en\/produit\/administrative-court-of-appeal-of-paris\/#primaryimage"},"image":{"@id":"https:\/\/interkultur.fr\/en\/produit\/administrative-court-of-appeal-of-paris\/#primaryimage"},"thumbnailUrl":"https:\/\/interkultur.fr\/wp-content\/uploads\/2023\/12\/Marais-aristocratique-scaled.jpg","datePublished":"2024-02-06T14:16:06+00:00","dateModified":"2024-12-06T11:59:24+00:00","breadcrumb":{"@id":"https:\/\/interkultur.fr\/en\/produit\/administrative-court-of-appeal-of-paris\/#breadcrumb"},"inLanguage":"en-US","potentialAction":[{"@type":"ReadAction","target":["https:\/\/interkultur.fr\/en\/produit\/administrative-court-of-appeal-of-paris\/"]}]},{"@type":"ImageObject","inLanguage":"en-US","@id":"https:\/\/interkultur.fr\/en\/produit\/administrative-court-of-appeal-of-paris\/#primaryimage","url":"https:\/\/interkultur.fr\/wp-content\/uploads\/2023\/12\/Marais-aristocratique-scaled.jpg","contentUrl":"https:\/\/interkultur.fr\/wp-content\/uploads\/2023\/12\/Marais-aristocratique-scaled.jpg","width":2560,"height":1920},{"@type":"BreadcrumbList","@id":"https:\/\/interkultur.fr\/en\/produit\/administrative-court-of-appeal-of-paris\/#breadcrumb","itemListElement":[{"@type":"ListItem","position":1,"name":"Accueil","item":"https:\/\/interkultur.fr\/en\/"},{"@type":"ListItem","position":2,"name":"Shop","item":"https:\/\/interkultur.fr\/en\/shop\/"},{"@type":"ListItem","position":3,"name":"Administrative court of appeal of Paris"}]},{"@type":"WebSite","@id":"https:\/\/interkultur.fr\/en\/#website","url":"https:\/\/interkultur.fr\/en\/","name":"Interkultur","description":"Visites et \u00e9v\u00e9nements culturels dans le Paris secret li\u00e9s \u00e0 l\u2019Histoire, l\u2019art, et la valorisation du patrimoine et des savoirs faire.","potentialAction":[{"@type":"SearchAction","target":{"@type":"EntryPoint","urlTemplate":"https:\/\/interkultur.fr\/en\/?s={search_term_string}"},"query-input":{"@type":"PropertyValueSpecification","valueRequired":true,"valueName":"search_term_string"}}],"inLanguage":"en-US"}]}},"_links":{"self":[{"href":"https:\/\/interkultur.fr\/en\/wp-json\/wp\/v2\/product\/5750","targetHints":{"allow":["GET"]}}],"collection":[{"href":"https:\/\/interkultur.fr\/en\/wp-json\/wp\/v2\/product"}],"about":[{"href":"https:\/\/interkultur.fr\/en\/wp-json\/wp\/v2\/types\/product"}],"wp:featuredmedia":[{"embeddable":true,"href":"https:\/\/interkultur.fr\/en\/wp-json\/wp\/v2\/media\/4899"}],"wp:attachment":[{"href":"https:\/\/interkultur.fr\/en\/wp-json\/wp\/v2\/media?parent=5750"}],"wp:term":[{"taxonomy":"product_brand","embeddable":true,"href":"https:\/\/interkultur.fr\/en\/wp-json\/wp\/v2\/product_brand?post=5750"},{"taxonomy":"product_cat","embeddable":true,"href":"https:\/\/interkultur.fr\/en\/wp-json\/wp\/v2\/product_cat?post=5750"},{"taxonomy":"product_tag","embeddable":true,"href":"https:\/\/interkultur.fr\/en\/wp-json\/wp\/v2\/product_tag?post=5750"}],"curies":[{"name":"wp","href":"https:\/\/api.w.org\/{rel}","templated":true}]}}

<h3>City of Paris court of appeal</h3>
<p><strong>Practical Informations</strong><br />
• Meeting Point: Métro saint Paul (line 1)<br />
• Duration : 1.45 hr<br />
• Walking tour<br />
• Small group (2 to 8 people) 50-80€ pp + ticket<br />
• Private group tours 350€ (entrance ticket included)</p>
<p>&nbsp;</p>
<p style="text-align: justify;">All acts by the administration may be challenged by citizens in an administrative tribunal throughout France. The administrative court of appeal in Paris is set in a multi-secular <strong>superb building</strong> known as the <strong>hotel de Beauvais</strong>.<br />
The mansion, a historic monument built in the middle of the 17th century on the plans of <strong>Antoine Lepautre</strong>, owed its salvation to the intervention of the State which, at the suggestion of the Council of State, decided in 1995 to make it the <strong>seat of the Administrative Court of Appeal of Paris</strong> at the price of important works of restoration.</p>
<p style="text-align: justify;">The visit will show <strong>the great audience room</strong> as well as <strong>the vast waiting room</strong>.<br />
With the exception of the garden, the renovation has respected the original layout of the hotel and one can admire <strong>the grand staircase</strong> of honor, <strong>the courtyard of honor</strong>, the staircase leading to the old chapel, as well as <strong>the medieval hall</strong> located in the basement in a state very close to that discovered by the first owners of the hotel, Pierre and Catherine de Beauvais, the first maid of Queen Ann of Austria, better known under the name of Catherine Bélier, also called &#8220;<strong>one eye Cathy</strong>&#8220;, to whom Saint-Simon attributes the merit of having initiated the young Louis XIV to the pleasures of love.</p>
<p>Learn also how young <strong>Mozart</strong> stayed for 6 months in the mansion with his father when te Hôtel was the Bavarian embassy. Ravaged after the <strong>French Revolution</strong> and parted in many small apartments the Hôtel de Beauvais lost all its interior decorating. The Jewish owners were deported during the last war leading to its acquisition by the <strong>City of Paris</strong> in 1943.</p>
<p>&nbsp;</p>

<!-- This site is optimized with the Yoast SEO plugin v27.5 - https://yoast.com/product/yoast-seo-wordpress/ -->
<title>Administrative court of appeal of Paris - Interkultur</title>
<meta name="robots" content="index, follow, max-snippet:-1, max-image-preview:large, max-video-preview:-1" />
<link rel="canonical" href="https://interkultur.fr/en/produit/administrative-court-of-appeal-of-paris/" />
<meta property="og:locale" content="en_US" />
<meta property="og:type" content="article" />
<meta property="og:title" content="Administrative court of appeal of Paris - Interkultur" />
<meta property="og:description" content="The administrative court of appeal of Paris, located in the hotel de Beauvais, is rarely open to the public. On very special occasion, the court has no session, this is why some reserved areas will be exceptionally open! On the day of the visit, on top of the overall history of the building, we&#039;ll be able to admire the magnificent courtyard, the grand staircase, the main court room and special waiting room as well as the rare medieval cellars." />
<meta property="og:url" content="https://interkultur.fr/en/produit/administrative-court-of-appeal-of-paris/" />
<meta property="og:site_name" content="Interkultur" />
<meta property="article:modified_time" content="2024-12-06T11:59:24+00:00" />
<meta property="og:image" content="https://interkultur.fr/wp-content/uploads/2023/12/Marais-aristocratique-scaled.jpg" />
	<meta property="og:image:width" content="2560" />
	<meta property="og:image:height" content="1920" />
	<meta property="og:image:type" content="image/jpeg" />
<meta name="twitter:card" content="summary_large_image" />
<script type="application/ld+json" class="yoast-schema-graph">{"@context":"https:\/\/schema.org","@graph":[{"@type":"WebPage","@id":"https:\/\/interkultur.fr\/en\/produit\/administrative-court-of-appeal-of-paris\/","url":"https:\/\/interkultur.fr\/en\/produit\/administrative-court-of-appeal-of-paris\/","name":"Administrative court of appeal of Paris - Interkultur","isPartOf":{"@id":"https:\/\/interkultur.fr\/en\/#website"},"primaryImageOfPage":{"@id":"https:\/\/interkultur.fr\/en\/produit\/administrative-court-of-appeal-of-paris\/#primaryimage"},"image":{"@id":"https:\/\/interkultur.fr\/en\/produit\/administrative-court-of-appeal-of-paris\/#primaryimage"},"thumbnailUrl":"https:\/\/interkultur.fr\/wp-content\/uploads\/2023\/12\/Marais-aristocratique-scaled.jpg","datePublished":"2024-02-06T14:16:06+00:00","dateModified":"2024-12-06T11:59:24+00:00","breadcrumb":{"@id":"https:\/\/interkultur.fr\/en\/produit\/administrative-court-of-appeal-of-paris\/#breadcrumb"},"inLanguage":"en-US","potentialAction":[{"@type":"ReadAction","target":["https:\/\/interkultur.fr\/en\/produit\/administrative-court-of-appeal-of-paris\/"]}]},{"@type":"ImageObject","inLanguage":"en-US","@id":"https:\/\/interkultur.fr\/en\/produit\/administrative-court-of-appeal-of-paris\/#primaryimage","url":"https:\/\/interkultur.fr\/wp-content\/uploads\/2023\/12\/Marais-aristocratique-scaled.jpg","contentUrl":"https:\/\/interkultur.fr\/wp-content\/uploads\/2023\/12\/Marais-aristocratique-scaled.jpg","width":2560,"height":1920},{"@type":"BreadcrumbList","@id":"https:\/\/interkultur.fr\/en\/produit\/administrative-court-of-appeal-of-paris\/#breadcrumb","itemListElement":[{"@type":"ListItem","position":1,"name":"Accueil","item":"https:\/\/interkultur.fr\/en\/"},{"@type":"ListItem","position":2,"name":"Shop","item":"https:\/\/interkultur.fr\/en\/shop\/"},{"@type":"ListItem","position":3,"name":"Administrative court of appeal of Paris"}]},{"@type":"WebSite","@id":"https:\/\/interkultur.fr\/en\/#website","url":"https:\/\/interkultur.fr\/en\/","name":"Interkultur","description":"Visites et événements culturels dans le Paris secret liés à l’Histoire, l’art, et la valorisation du patrimoine et des savoirs faire.","potentialAction":[{"@type":"SearchAction","target":{"@type":"EntryPoint","urlTemplate":"https:\/\/interkultur.fr\/en\/?s={search_term_string}"},"query-input":{"@type":"PropertyValueSpecification","valueRequired":true,"valueName":"search_term_string"}}],"inLanguage":"en-US"}]}</script>
<!-- / Yoast SEO plugin. -->

Visites et événements culturels dans le Paris secret liés à l’Histoire, l’art, et la valorisation du patrimoine et des savoirs faire.
