{"id":6076,"date":"2024-02-07T11:43:48","date_gmt":"2024-02-07T10:43:48","guid":{"rendered":"https:\/\/interkultur.fr\/?post_type=product&#038;p=6076"},"modified":"2024-02-08T15:55:04","modified_gmt":"2024-02-08T14:55:04","slug":"black-paris","status":"publish","type":"product","link":"https:\/\/interkultur.fr\/en\/produit\/black-paris\/","title":{"rendered":"The Invalides &#8211; Museum of war"},"content":{"rendered":"<h2>Explore the secrets of the Invalides &#8211; Museum of war<\/h2>\n<p><strong>Practical informations<\/strong><\/p>\n<ul>\n<li>Location : M\u00e9tro Invalides (lines 8 and 13)<\/li>\n<li>Duration : 3h<\/li>\n<li>Walking tour<\/li>\n<li>Small group (up to 8 people) 50-80\u20ac pp<\/li>\n<li><strong>Private group tour<\/strong> at any date (270\u20ac\/group) + tickets on top.<\/li>\n<\/ul>\n<p style=\"text-align: justify;\">The huge complex of the Invalides &#8211; Museum of war, one of Paris&#8217;s most prestigious buildings, was built from 1671 to 1676 and completed by Hardouin-Mansart, one of the most famous architects of Versailles.<br \/>\nIts large courtyard houses sculptures and decorations windows both <strong>extraordinary<\/strong> and <strong>mysterious<\/strong>, and one of the world&#8217;s largest collections of guns through the ages. The huge statue of <strong>Napoleon<\/strong>, who was originally on top of the Vendome square column, has observed since 1911 many highs events that took place in the courtyard. Today, funerals of senior army members and tributes to French soldiers killed in conflicts around the world are happening here.<\/p>\n<p style=\"text-align: justify;\">The Museum of war houses artifacts and documents of military history from the late Middle Ages. To be noticed is the <strong>hall of armors<\/strong>, some that belonged to several kings of France, and the incredible collection of <strong>firearms<\/strong> from the 16th to the 18th century.<\/p>\n<p style=\"text-align: justify;\">Collections then develop the military history of France from the 17th century at the time of Louis XIV until the late 19th century. Note also the presence of many objects related to the military history of foreign countries.<\/p>\n<p style=\"text-align: justify;\">The museum is best known for the rooms devoted to the <strong>First and Second World War<\/strong>. With visual and sound archives, striking and unique objects and documents, the visitor is taken from the 1870 defeat to the end of the Second World War and its consequences.<\/p>\n<p style=\"text-align: justify;\">The tour will be an <strong>architectural and historical survey<\/strong> of the building and will, after a stroll in the halls of armors, the soldiers church and the main yard, focus on the two world wars. (other themes available upon request)<\/p>\n<p>The walk will then continue with a visit to <strong>Napoleon&#8217;s tomb<\/strong>, located in the <strong>Church of the Dome<\/strong>, where the vast space dedicated to the Emperor is surrounded by tombs of famous marshals from the time of Louis XIV to the 20th century.<\/p>\n","protected":false},"excerpt":{"rendered":"<p>In 1670, there was nowhere to <strong>house disabled or destitute soldiers<\/strong> who fought for France. <strong>Louis the XIVth<\/strong>, sensitive to the plight of soldiers who served during his many campaigns, decided to build the Hotel Royal des Invalides.<br \/>\nNow assigned to the Ministry of Defence but also housing many organizations from other departments, the Invalides still retains its first hospital-hospice function for the severely disabled veterans of war.<br \/>\nAside the visit of the <strong>museum of war<\/strong> and its <strong>many secrets<\/strong>, we will go over the political design of the king behind the institution and its influence in the urban landscape in Paris.<\/p>\n","protected":false},"featured_media":6004,"template":"","meta":{"_price":"","_stock":"","_tribe_ticket_header":"","_tribe_default_ticket_provider":"","_tribe_ticket_capacity":"0","_ticket_start_date":"","_ticket_end_date":"","_tribe_ticket_show_description":"","_tribe_ticket_show_not_going":false,"_tribe_ticket_use_global_stock":"","_tribe_ticket_global_stock_level":"","_global_stock_mode":"","_global_stock_cap":"","_tribe_rsvp_for_event":"","_tribe_ticket_going_count":"","_tribe_ticket_not_going_count":"","_tribe_tickets_list":"[]","_tribe_ticket_has_attendee_info_fields":false,"_tec_slr_enabled":"","_tec_slr_layout":""},"product_brand":[],"product_cat":[143],"product_tag":[],"class_list":{"0":"post-6076","1":"product","2":"type-product","3":"status-publish","4":"has-post-thumbnail","6":"product_cat-visit-paris","8":"first","9":"instock","10":"featured","11":"virtual","12":"product-type-simple"},"yoast_head":"<!-- This site is optimized with the Yoast SEO plugin v27.5 - https:\/\/yoast.com\/product\/yoast-seo-wordpress\/ -->\n<title>The Invalides - Museum of war - Interkultur<\/title>\n<meta name=\"robots\" content=\"index, follow, max-snippet:-1, max-image-preview:large, max-video-preview:-1\" \/>\n<link rel=\"canonical\" href=\"https:\/\/interkultur.fr\/en\/produit\/black-paris\/\" \/>\n<meta property=\"og:locale\" content=\"en_US\" \/>\n<meta property=\"og:type\" content=\"article\" \/>\n<meta property=\"og:title\" content=\"The Invalides - Museum of war - Interkultur\" \/>\n<meta property=\"og:description\" content=\"In 1670, there was nowhere to house disabled or destitute soldiers who fought for France. Louis the XIVth, sensitive to the plight of soldiers who served during his many campaigns, decided to build the Hotel Royal des Invalides. Now assigned to the Ministry of Defence but also housing many organizations from other departments, the Invalides still retains its first hospital-hospice function for the severely disabled veterans of war. Aside the visit of the museum of war and its many secrets, we will go over the political design of the king behind the institution and its influence in the urban landscape in Paris.\" \/>\n<meta property=\"og:url\" content=\"https:\/\/interkultur.fr\/en\/produit\/black-paris\/\" \/>\n<meta property=\"og:site_name\" content=\"Interkultur\" \/>\n<meta property=\"article:modified_time\" content=\"2024-02-08T14:55:04+00:00\" \/>\n<meta property=\"og:image\" content=\"https:\/\/interkultur.fr\/wp-content\/uploads\/2024\/02\/napoleon-tombeau.jpg\" \/>\n\t<meta property=\"og:image:width\" content=\"640\" \/>\n\t<meta property=\"og:image:height\" content=\"425\" \/>\n\t<meta property=\"og:image:type\" content=\"image\/jpeg\" \/>\n<meta name=\"twitter:card\" content=\"summary_large_image\" \/>\n<script type=\"application\/ld+json\" class=\"yoast-schema-graph\">{\"@context\":\"https:\\\/\\\/schema.org\",\"@graph\":[{\"@type\":\"WebPage\",\"@id\":\"https:\\\/\\\/interkultur.fr\\\/en\\\/produit\\\/black-paris\\\/\",\"url\":\"https:\\\/\\\/interkultur.fr\\\/en\\\/produit\\\/black-paris\\\/\",\"name\":\"The Invalides - Museum of war - Interkultur\",\"isPartOf\":{\"@id\":\"https:\\\/\\\/interkultur.fr\\\/en\\\/#website\"},\"primaryImageOfPage\":{\"@id\":\"https:\\\/\\\/interkultur.fr\\\/en\\\/produit\\\/black-paris\\\/#primaryimage\"},\"image\":{\"@id\":\"https:\\\/\\\/interkultur.fr\\\/en\\\/produit\\\/black-paris\\\/#primaryimage\"},\"thumbnailUrl\":\"https:\\\/\\\/interkultur.fr\\\/wp-content\\\/uploads\\\/2024\\\/02\\\/napoleon-tombeau.jpg\",\"datePublished\":\"2024-02-07T10:43:48+00:00\",\"dateModified\":\"2024-02-08T14:55:04+00:00\",\"breadcrumb\":{\"@id\":\"https:\\\/\\\/interkultur.fr\\\/en\\\/produit\\\/black-paris\\\/#breadcrumb\"},\"inLanguage\":\"en-US\",\"potentialAction\":[{\"@type\":\"ReadAction\",\"target\":[\"https:\\\/\\\/interkultur.fr\\\/en\\\/produit\\\/black-paris\\\/\"]}]},{\"@type\":\"ImageObject\",\"inLanguage\":\"en-US\",\"@id\":\"https:\\\/\\\/interkultur.fr\\\/en\\\/produit\\\/black-paris\\\/#primaryimage\",\"url\":\"https:\\\/\\\/interkultur.fr\\\/wp-content\\\/uploads\\\/2024\\\/02\\\/napoleon-tombeau.jpg\",\"contentUrl\":\"https:\\\/\\\/interkultur.fr\\\/wp-content\\\/uploads\\\/2024\\\/02\\\/napoleon-tombeau.jpg\",\"width\":640,\"height\":425},{\"@type\":\"BreadcrumbList\",\"@id\":\"https:\\\/\\\/interkultur.fr\\\/en\\\/produit\\\/black-paris\\\/#breadcrumb\",\"itemListElement\":[{\"@type\":\"ListItem\",\"position\":1,\"name\":\"Accueil\",\"item\":\"https:\\\/\\\/interkultur.fr\\\/en\\\/\"},{\"@type\":\"ListItem\",\"position\":2,\"name\":\"Shop\",\"item\":\"https:\\\/\\\/interkultur.fr\\\/en\\\/shop\\\/\"},{\"@type\":\"ListItem\",\"position\":3,\"name\":\"The Invalides &#8211; Museum of war\"}]},{\"@type\":\"WebSite\",\"@id\":\"https:\\\/\\\/interkultur.fr\\\/en\\\/#website\",\"url\":\"https:\\\/\\\/interkultur.fr\\\/en\\\/\",\"name\":\"Interkultur\",\"description\":\"Visites et \u00e9v\u00e9nements culturels dans le Paris secret li\u00e9s \u00e0 l\u2019Histoire, l\u2019art, et la valorisation du patrimoine et des savoirs faire.\",\"potentialAction\":[{\"@type\":\"SearchAction\",\"target\":{\"@type\":\"EntryPoint\",\"urlTemplate\":\"https:\\\/\\\/interkultur.fr\\\/en\\\/?s={search_term_string}\"},\"query-input\":{\"@type\":\"PropertyValueSpecification\",\"valueRequired\":true,\"valueName\":\"search_term_string\"}}],\"inLanguage\":\"en-US\"}]}<\/script>\n<!-- \/ Yoast SEO plugin. -->","yoast_head_json":{"title":"The Invalides - Museum of war - Interkultur","robots":{"index":"index","follow":"follow","max-snippet":"max-snippet:-1","max-image-preview":"max-image-preview:large","max-video-preview":"max-video-preview:-1"},"canonical":"https:\/\/interkultur.fr\/en\/produit\/black-paris\/","og_locale":"en_US","og_type":"article","og_title":"The Invalides - Museum of war - Interkultur","og_description":"In 1670, there was nowhere to house disabled or destitute soldiers who fought for France. Louis the XIVth, sensitive to the plight of soldiers who served during his many campaigns, decided to build the Hotel Royal des Invalides. Now assigned to the Ministry of Defence but also housing many organizations from other departments, the Invalides still retains its first hospital-hospice function for the severely disabled veterans of war. Aside the visit of the museum of war and its many secrets, we will go over the political design of the king behind the institution and its influence in the urban landscape in Paris.","og_url":"https:\/\/interkultur.fr\/en\/produit\/black-paris\/","og_site_name":"Interkultur","article_modified_time":"2024-02-08T14:55:04+00:00","og_image":[{"width":640,"height":425,"url":"https:\/\/interkultur.fr\/wp-content\/uploads\/2024\/02\/napoleon-tombeau.jpg","type":"image\/jpeg"}],"twitter_card":"summary_large_image","schema":{"@context":"https:\/\/schema.org","@graph":[{"@type":"WebPage","@id":"https:\/\/interkultur.fr\/en\/produit\/black-paris\/","url":"https:\/\/interkultur.fr\/en\/produit\/black-paris\/","name":"The Invalides - Museum of war - Interkultur","isPartOf":{"@id":"https:\/\/interkultur.fr\/en\/#website"},"primaryImageOfPage":{"@id":"https:\/\/interkultur.fr\/en\/produit\/black-paris\/#primaryimage"},"image":{"@id":"https:\/\/interkultur.fr\/en\/produit\/black-paris\/#primaryimage"},"thumbnailUrl":"https:\/\/interkultur.fr\/wp-content\/uploads\/2024\/02\/napoleon-tombeau.jpg","datePublished":"2024-02-07T10:43:48+00:00","dateModified":"2024-02-08T14:55:04+00:00","breadcrumb":{"@id":"https:\/\/interkultur.fr\/en\/produit\/black-paris\/#breadcrumb"},"inLanguage":"en-US","potentialAction":[{"@type":"ReadAction","target":["https:\/\/interkultur.fr\/en\/produit\/black-paris\/"]}]},{"@type":"ImageObject","inLanguage":"en-US","@id":"https:\/\/interkultur.fr\/en\/produit\/black-paris\/#primaryimage","url":"https:\/\/interkultur.fr\/wp-content\/uploads\/2024\/02\/napoleon-tombeau.jpg","contentUrl":"https:\/\/interkultur.fr\/wp-content\/uploads\/2024\/02\/napoleon-tombeau.jpg","width":640,"height":425},{"@type":"BreadcrumbList","@id":"https:\/\/interkultur.fr\/en\/produit\/black-paris\/#breadcrumb","itemListElement":[{"@type":"ListItem","position":1,"name":"Accueil","item":"https:\/\/interkultur.fr\/en\/"},{"@type":"ListItem","position":2,"name":"Shop","item":"https:\/\/interkultur.fr\/en\/shop\/"},{"@type":"ListItem","position":3,"name":"The Invalides &#8211; Museum of war"}]},{"@type":"WebSite","@id":"https:\/\/interkultur.fr\/en\/#website","url":"https:\/\/interkultur.fr\/en\/","name":"Interkultur","description":"Visites et \u00e9v\u00e9nements culturels dans le Paris secret li\u00e9s \u00e0 l\u2019Histoire, l\u2019art, et la valorisation du patrimoine et des savoirs faire.","potentialAction":[{"@type":"SearchAction","target":{"@type":"EntryPoint","urlTemplate":"https:\/\/interkultur.fr\/en\/?s={search_term_string}"},"query-input":{"@type":"PropertyValueSpecification","valueRequired":true,"valueName":"search_term_string"}}],"inLanguage":"en-US"}]}},"_links":{"self":[{"href":"https:\/\/interkultur.fr\/en\/wp-json\/wp\/v2\/product\/6076","targetHints":{"allow":["GET"]}}],"collection":[{"href":"https:\/\/interkultur.fr\/en\/wp-json\/wp\/v2\/product"}],"about":[{"href":"https:\/\/interkultur.fr\/en\/wp-json\/wp\/v2\/types\/product"}],"wp:featuredmedia":[{"embeddable":true,"href":"https:\/\/interkultur.fr\/en\/wp-json\/wp\/v2\/media\/6004"}],"wp:attachment":[{"href":"https:\/\/interkultur.fr\/en\/wp-json\/wp\/v2\/media?parent=6076"}],"wp:term":[{"taxonomy":"product_brand","embeddable":true,"href":"https:\/\/interkultur.fr\/en\/wp-json\/wp\/v2\/product_brand?post=6076"},{"taxonomy":"product_cat","embeddable":true,"href":"https:\/\/interkultur.fr\/en\/wp-json\/wp\/v2\/product_cat?post=6076"},{"taxonomy":"product_tag","embeddable":true,"href":"https:\/\/interkultur.fr\/en\/wp-json\/wp\/v2\/product_tag?post=6076"}],"curies":[{"name":"wp","href":"https:\/\/api.w.org\/{rel}","templated":true}]}}

<h2>Explore the secrets of the Invalides &#8211; Museum of war</h2>
<p><strong>Practical informations</strong></p>
<ul>
<li>Location : Métro Invalides (lines 8 and 13)</li>
<li>Duration : 3h</li>
<li>Walking tour</li>
<li>Small group (up to 8 people) 50-80€ pp</li>
<li><strong>Private group tour</strong> at any date (270€/group) + tickets on top.</li>
</ul>
<p style="text-align: justify;">The huge complex of the Invalides &#8211; Museum of war, one of Paris&#8217;s most prestigious buildings, was built from 1671 to 1676 and completed by Hardouin-Mansart, one of the most famous architects of Versailles.<br />
Its large courtyard houses sculptures and decorations windows both <strong>extraordinary</strong> and <strong>mysterious</strong>, and one of the world&#8217;s largest collections of guns through the ages. The huge statue of <strong>Napoleon</strong>, who was originally on top of the Vendome square column, has observed since 1911 many highs events that took place in the courtyard. Today, funerals of senior army members and tributes to French soldiers killed in conflicts around the world are happening here.</p>
<p style="text-align: justify;">The Museum of war houses artifacts and documents of military history from the late Middle Ages. To be noticed is the <strong>hall of armors</strong>, some that belonged to several kings of France, and the incredible collection of <strong>firearms</strong> from the 16th to the 18th century.</p>
<p style="text-align: justify;">Collections then develop the military history of France from the 17th century at the time of Louis XIV until the late 19th century. Note also the presence of many objects related to the military history of foreign countries.</p>
<p style="text-align: justify;">The museum is best known for the rooms devoted to the <strong>First and Second World War</strong>. With visual and sound archives, striking and unique objects and documents, the visitor is taken from the 1870 defeat to the end of the Second World War and its consequences.</p>
<p style="text-align: justify;">The tour will be an <strong>architectural and historical survey</strong> of the building and will, after a stroll in the halls of armors, the soldiers church and the main yard, focus on the two world wars. (other themes available upon request)</p>
<p>The walk will then continue with a visit to <strong>Napoleon&#8217;s tomb</strong>, located in the <strong>Church of the Dome</strong>, where the vast space dedicated to the Emperor is surrounded by tombs of famous marshals from the time of Louis XIV to the 20th century.</p>

<!-- This site is optimized with the Yoast SEO plugin v27.5 - https://yoast.com/product/yoast-seo-wordpress/ -->
<title>The Invalides - Museum of war - Interkultur</title>
<meta name="robots" content="index, follow, max-snippet:-1, max-image-preview:large, max-video-preview:-1" />
<link rel="canonical" href="https://interkultur.fr/en/produit/black-paris/" />
<meta property="og:locale" content="en_US" />
<meta property="og:type" content="article" />
<meta property="og:title" content="The Invalides - Museum of war - Interkultur" />
<meta property="og:description" content="In 1670, there was nowhere to house disabled or destitute soldiers who fought for France. Louis the XIVth, sensitive to the plight of soldiers who served during his many campaigns, decided to build the Hotel Royal des Invalides. Now assigned to the Ministry of Defence but also housing many organizations from other departments, the Invalides still retains its first hospital-hospice function for the severely disabled veterans of war. Aside the visit of the museum of war and its many secrets, we will go over the political design of the king behind the institution and its influence in the urban landscape in Paris." />
<meta property="og:url" content="https://interkultur.fr/en/produit/black-paris/" />
<meta property="og:site_name" content="Interkultur" />
<meta property="article:modified_time" content="2024-02-08T14:55:04+00:00" />
<meta property="og:image" content="https://interkultur.fr/wp-content/uploads/2024/02/napoleon-tombeau.jpg" />
	<meta property="og:image:width" content="640" />
	<meta property="og:image:height" content="425" />
	<meta property="og:image:type" content="image/jpeg" />
<meta name="twitter:card" content="summary_large_image" />
<script type="application/ld+json" class="yoast-schema-graph">{"@context":"https:\/\/schema.org","@graph":[{"@type":"WebPage","@id":"https:\/\/interkultur.fr\/en\/produit\/black-paris\/","url":"https:\/\/interkultur.fr\/en\/produit\/black-paris\/","name":"The Invalides - Museum of war - Interkultur","isPartOf":{"@id":"https:\/\/interkultur.fr\/en\/#website"},"primaryImageOfPage":{"@id":"https:\/\/interkultur.fr\/en\/produit\/black-paris\/#primaryimage"},"image":{"@id":"https:\/\/interkultur.fr\/en\/produit\/black-paris\/#primaryimage"},"thumbnailUrl":"https:\/\/interkultur.fr\/wp-content\/uploads\/2024\/02\/napoleon-tombeau.jpg","datePublished":"2024-02-07T10:43:48+00:00","dateModified":"2024-02-08T14:55:04+00:00","breadcrumb":{"@id":"https:\/\/interkultur.fr\/en\/produit\/black-paris\/#breadcrumb"},"inLanguage":"en-US","potentialAction":[{"@type":"ReadAction","target":["https:\/\/interkultur.fr\/en\/produit\/black-paris\/"]}]},{"@type":"ImageObject","inLanguage":"en-US","@id":"https:\/\/interkultur.fr\/en\/produit\/black-paris\/#primaryimage","url":"https:\/\/interkultur.fr\/wp-content\/uploads\/2024\/02\/napoleon-tombeau.jpg","contentUrl":"https:\/\/interkultur.fr\/wp-content\/uploads\/2024\/02\/napoleon-tombeau.jpg","width":640,"height":425},{"@type":"BreadcrumbList","@id":"https:\/\/interkultur.fr\/en\/produit\/black-paris\/#breadcrumb","itemListElement":[{"@type":"ListItem","position":1,"name":"Accueil","item":"https:\/\/interkultur.fr\/en\/"},{"@type":"ListItem","position":2,"name":"Shop","item":"https:\/\/interkultur.fr\/en\/shop\/"},{"@type":"ListItem","position":3,"name":"The Invalides &#8211; Museum of war"}]},{"@type":"WebSite","@id":"https:\/\/interkultur.fr\/en\/#website","url":"https:\/\/interkultur.fr\/en\/","name":"Interkultur","description":"Visites et événements culturels dans le Paris secret liés à l’Histoire, l’art, et la valorisation du patrimoine et des savoirs faire.","potentialAction":[{"@type":"SearchAction","target":{"@type":"EntryPoint","urlTemplate":"https:\/\/interkultur.fr\/en\/?s={search_term_string}"},"query-input":{"@type":"PropertyValueSpecification","valueRequired":true,"valueName":"search_term_string"}}],"inLanguage":"en-US"}]}</script>
<!-- / Yoast SEO plugin. -->

Visites et événements culturels dans le Paris secret liés à l’Histoire, l’art, et la valorisation du patrimoine et des savoirs faire.
