{"id":6099,"date":"2024-02-07T13:03:45","date_gmt":"2024-02-07T12:03:45","guid":{"rendered":"https:\/\/interkultur.fr\/?post_type=product&#038;p=6099"},"modified":"2024-02-07T23:10:59","modified_gmt":"2024-02-07T22:10:59","slug":"belleville","status":"publish","type":"product","link":"https:\/\/interkultur.fr\/en\/produit\/belleville\/","title":{"rendered":"Belleville"},"content":{"rendered":"<h3>Belleville<\/h3>\n<p><strong>Practical Informations<\/strong><br \/>\n\u2022 Meeting Point: Belleville metro station (lines 2 and 11)<br \/>\n\u2022 Duration : 2h15<br \/>\n\u2022 Walking tour<br \/>\n\u2022 <strong>Private tour<\/strong> at any date (270\u20ac\/group)<\/p>\n<p style=\"text-align: justify;\">Walk the steep streets of the Belleville and M\u00e9nilmontant hills to discover the <strong>charms and secrets<\/strong> of these northern Parisian neighborhoods.<br \/>\nSeparated from Paris by the surrounding wall for a long time, the two villages were used for sheltering brigands, smugglers and Parisians who came to get entertained in the <strong>many taverns<\/strong> and cabarets located there, the whole surrounded by <strong>vast vineyards<\/strong>.<br \/>\nIntegrated in the capital in 1860, the two suburbs rapidly got urbanized to house factories, workshops and workers&#8217; residences. This population is at the center of the <strong>social riots<\/strong> of the nineteenth and twentieth centuries.<br \/>\nAfter the war, the neighborhood changed radically with the arrival of extremely <strong>diverse communities<\/strong> making of Belleville <strong>one of the most cosmopolitan areas<\/strong> of Paris. At the same time, a large number of old and unhealthy buildings were destroyed to make room for large complexes typical of today&#8217;s northeast of Paris.<br \/>\nThere are, however, several villas, cottages and <strong>passages full of charm<\/strong>, amidst steep streets with local shops, colorful squares, bars and restaurants very popular with Parisians.<br \/>\nIt will also be possible to admire the <strong>last &#8220;water maintenance houses<\/strong>&#8221; of the sixteenth and seventeenth centuries, witnesses of the capture of sources used to feed some religious congregations of Paris, now wedged between modern buildings and <strong>small houses<\/strong> with vegetal or colored walls.<\/p>\n","protected":false},"excerpt":{"rendered":"<p><strong>Belleville and M\u00e9nilmontant<\/strong>, traditional working class and Parisian areas, have seen a long evolution to now welcome some of the most <strong>vibrant and trendy districts<\/strong> of Paris. On top of the <strong>most beautiful panorama<\/strong> over Paris, discover artists workshops as well countless street art works. <strong>Hidden villas<\/strong> and back alleys lead to pretty squares and <strong>architectural beauties<\/strong> hidden behind modern buildings.<br \/>\nFrom the birth place of <strong>Edith Piaf<\/strong> to a very colorful food and clothes market, stroll the winding streets of Belleville and encounter a new and <strong>true face of Paris<\/strong>.<\/p>\n","protected":false},"featured_media":6250,"template":"","meta":{"_price":"","_stock":"","_tribe_ticket_header":"","_tribe_default_ticket_provider":"","_tribe_ticket_capacity":"0","_ticket_start_date":"","_ticket_end_date":"","_tribe_ticket_show_description":"","_tribe_ticket_show_not_going":false,"_tribe_ticket_use_global_stock":"","_tribe_ticket_global_stock_level":"","_global_stock_mode":"","_global_stock_cap":"","_tribe_rsvp_for_event":"","_tribe_ticket_going_count":"","_tribe_ticket_not_going_count":"","_tribe_tickets_list":"[]","_tribe_ticket_has_attendee_info_fields":false,"_tec_slr_enabled":"","_tec_slr_layout":""},"product_brand":[],"product_cat":[143],"product_tag":[],"class_list":{"0":"post-6099","1":"product","2":"type-product","3":"status-publish","4":"has-post-thumbnail","6":"product_cat-visit-paris","8":"first","9":"instock","10":"featured","11":"virtual","12":"product-type-simple"},"yoast_head":"<!-- This site is optimized with the Yoast SEO plugin v27.5 - https:\/\/yoast.com\/product\/yoast-seo-wordpress\/ -->\n<title>Belleville - Interkultur<\/title>\n<meta name=\"robots\" content=\"index, follow, max-snippet:-1, max-image-preview:large, max-video-preview:-1\" \/>\n<link rel=\"canonical\" href=\"https:\/\/interkultur.fr\/en\/produit\/belleville\/\" \/>\n<meta property=\"og:locale\" content=\"en_US\" \/>\n<meta property=\"og:type\" content=\"article\" \/>\n<meta property=\"og:title\" content=\"Belleville - Interkultur\" \/>\n<meta property=\"og:description\" content=\"Belleville and M\u00e9nilmontant, traditional working class and Parisian areas, have seen a long evolution to now welcome some of the most vibrant and trendy districts of Paris. On top of the most beautiful panorama over Paris, discover artists workshops as well countless street art works. Hidden villas and back alleys lead to pretty squares and architectural beauties hidden behind modern buildings. From the birth place of Edith Piaf to a very colorful food and clothes market, stroll the winding streets of Belleville and encounter a new and true face of Paris.\" \/>\n<meta property=\"og:url\" content=\"https:\/\/interkultur.fr\/en\/produit\/belleville\/\" \/>\n<meta property=\"og:site_name\" content=\"Interkultur\" \/>\n<meta property=\"article:modified_time\" content=\"2024-02-07T22:10:59+00:00\" \/>\n<meta property=\"og:image\" content=\"https:\/\/interkultur.fr\/wp-content\/uploads\/2024\/02\/Belleville-panorama.jpg\" \/>\n\t<meta property=\"og:image:width\" content=\"510\" \/>\n\t<meta property=\"og:image:height\" content=\"680\" \/>\n\t<meta property=\"og:image:type\" content=\"image\/jpeg\" \/>\n<meta name=\"twitter:card\" content=\"summary_large_image\" \/>\n<script type=\"application\/ld+json\" class=\"yoast-schema-graph\">{\"@context\":\"https:\\\/\\\/schema.org\",\"@graph\":[{\"@type\":\"WebPage\",\"@id\":\"https:\\\/\\\/interkultur.fr\\\/en\\\/produit\\\/belleville\\\/\",\"url\":\"https:\\\/\\\/interkultur.fr\\\/en\\\/produit\\\/belleville\\\/\",\"name\":\"Belleville - Interkultur\",\"isPartOf\":{\"@id\":\"https:\\\/\\\/interkultur.fr\\\/en\\\/#website\"},\"primaryImageOfPage\":{\"@id\":\"https:\\\/\\\/interkultur.fr\\\/en\\\/produit\\\/belleville\\\/#primaryimage\"},\"image\":{\"@id\":\"https:\\\/\\\/interkultur.fr\\\/en\\\/produit\\\/belleville\\\/#primaryimage\"},\"thumbnailUrl\":\"https:\\\/\\\/interkultur.fr\\\/wp-content\\\/uploads\\\/2024\\\/02\\\/Belleville-panorama.jpg\",\"datePublished\":\"2024-02-07T12:03:45+00:00\",\"dateModified\":\"2024-02-07T22:10:59+00:00\",\"breadcrumb\":{\"@id\":\"https:\\\/\\\/interkultur.fr\\\/en\\\/produit\\\/belleville\\\/#breadcrumb\"},\"inLanguage\":\"en-US\",\"potentialAction\":[{\"@type\":\"ReadAction\",\"target\":[\"https:\\\/\\\/interkultur.fr\\\/en\\\/produit\\\/belleville\\\/\"]}]},{\"@type\":\"ImageObject\",\"inLanguage\":\"en-US\",\"@id\":\"https:\\\/\\\/interkultur.fr\\\/en\\\/produit\\\/belleville\\\/#primaryimage\",\"url\":\"https:\\\/\\\/interkultur.fr\\\/wp-content\\\/uploads\\\/2024\\\/02\\\/Belleville-panorama.jpg\",\"contentUrl\":\"https:\\\/\\\/interkultur.fr\\\/wp-content\\\/uploads\\\/2024\\\/02\\\/Belleville-panorama.jpg\",\"width\":510,\"height\":680},{\"@type\":\"BreadcrumbList\",\"@id\":\"https:\\\/\\\/interkultur.fr\\\/en\\\/produit\\\/belleville\\\/#breadcrumb\",\"itemListElement\":[{\"@type\":\"ListItem\",\"position\":1,\"name\":\"Accueil\",\"item\":\"https:\\\/\\\/interkultur.fr\\\/en\\\/\"},{\"@type\":\"ListItem\",\"position\":2,\"name\":\"Shop\",\"item\":\"https:\\\/\\\/interkultur.fr\\\/en\\\/shop\\\/\"},{\"@type\":\"ListItem\",\"position\":3,\"name\":\"Belleville\"}]},{\"@type\":\"WebSite\",\"@id\":\"https:\\\/\\\/interkultur.fr\\\/en\\\/#website\",\"url\":\"https:\\\/\\\/interkultur.fr\\\/en\\\/\",\"name\":\"Interkultur\",\"description\":\"Visites et \u00e9v\u00e9nements culturels dans le Paris secret li\u00e9s \u00e0 l\u2019Histoire, l\u2019art, et la valorisation du patrimoine et des savoirs faire.\",\"potentialAction\":[{\"@type\":\"SearchAction\",\"target\":{\"@type\":\"EntryPoint\",\"urlTemplate\":\"https:\\\/\\\/interkultur.fr\\\/en\\\/?s={search_term_string}\"},\"query-input\":{\"@type\":\"PropertyValueSpecification\",\"valueRequired\":true,\"valueName\":\"search_term_string\"}}],\"inLanguage\":\"en-US\"}]}<\/script>\n<!-- \/ Yoast SEO plugin. -->","yoast_head_json":{"title":"Belleville - Interkultur","robots":{"index":"index","follow":"follow","max-snippet":"max-snippet:-1","max-image-preview":"max-image-preview:large","max-video-preview":"max-video-preview:-1"},"canonical":"https:\/\/interkultur.fr\/en\/produit\/belleville\/","og_locale":"en_US","og_type":"article","og_title":"Belleville - Interkultur","og_description":"Belleville and M\u00e9nilmontant, traditional working class and Parisian areas, have seen a long evolution to now welcome some of the most vibrant and trendy districts of Paris. On top of the most beautiful panorama over Paris, discover artists workshops as well countless street art works. Hidden villas and back alleys lead to pretty squares and architectural beauties hidden behind modern buildings. From the birth place of Edith Piaf to a very colorful food and clothes market, stroll the winding streets of Belleville and encounter a new and true face of Paris.","og_url":"https:\/\/interkultur.fr\/en\/produit\/belleville\/","og_site_name":"Interkultur","article_modified_time":"2024-02-07T22:10:59+00:00","og_image":[{"width":510,"height":680,"url":"https:\/\/interkultur.fr\/wp-content\/uploads\/2024\/02\/Belleville-panorama.jpg","type":"image\/jpeg"}],"twitter_card":"summary_large_image","schema":{"@context":"https:\/\/schema.org","@graph":[{"@type":"WebPage","@id":"https:\/\/interkultur.fr\/en\/produit\/belleville\/","url":"https:\/\/interkultur.fr\/en\/produit\/belleville\/","name":"Belleville - Interkultur","isPartOf":{"@id":"https:\/\/interkultur.fr\/en\/#website"},"primaryImageOfPage":{"@id":"https:\/\/interkultur.fr\/en\/produit\/belleville\/#primaryimage"},"image":{"@id":"https:\/\/interkultur.fr\/en\/produit\/belleville\/#primaryimage"},"thumbnailUrl":"https:\/\/interkultur.fr\/wp-content\/uploads\/2024\/02\/Belleville-panorama.jpg","datePublished":"2024-02-07T12:03:45+00:00","dateModified":"2024-02-07T22:10:59+00:00","breadcrumb":{"@id":"https:\/\/interkultur.fr\/en\/produit\/belleville\/#breadcrumb"},"inLanguage":"en-US","potentialAction":[{"@type":"ReadAction","target":["https:\/\/interkultur.fr\/en\/produit\/belleville\/"]}]},{"@type":"ImageObject","inLanguage":"en-US","@id":"https:\/\/interkultur.fr\/en\/produit\/belleville\/#primaryimage","url":"https:\/\/interkultur.fr\/wp-content\/uploads\/2024\/02\/Belleville-panorama.jpg","contentUrl":"https:\/\/interkultur.fr\/wp-content\/uploads\/2024\/02\/Belleville-panorama.jpg","width":510,"height":680},{"@type":"BreadcrumbList","@id":"https:\/\/interkultur.fr\/en\/produit\/belleville\/#breadcrumb","itemListElement":[{"@type":"ListItem","position":1,"name":"Accueil","item":"https:\/\/interkultur.fr\/en\/"},{"@type":"ListItem","position":2,"name":"Shop","item":"https:\/\/interkultur.fr\/en\/shop\/"},{"@type":"ListItem","position":3,"name":"Belleville"}]},{"@type":"WebSite","@id":"https:\/\/interkultur.fr\/en\/#website","url":"https:\/\/interkultur.fr\/en\/","name":"Interkultur","description":"Visites et \u00e9v\u00e9nements culturels dans le Paris secret li\u00e9s \u00e0 l\u2019Histoire, l\u2019art, et la valorisation du patrimoine et des savoirs faire.","potentialAction":[{"@type":"SearchAction","target":{"@type":"EntryPoint","urlTemplate":"https:\/\/interkultur.fr\/en\/?s={search_term_string}"},"query-input":{"@type":"PropertyValueSpecification","valueRequired":true,"valueName":"search_term_string"}}],"inLanguage":"en-US"}]}},"_links":{"self":[{"href":"https:\/\/interkultur.fr\/en\/wp-json\/wp\/v2\/product\/6099","targetHints":{"allow":["GET"]}}],"collection":[{"href":"https:\/\/interkultur.fr\/en\/wp-json\/wp\/v2\/product"}],"about":[{"href":"https:\/\/interkultur.fr\/en\/wp-json\/wp\/v2\/types\/product"}],"wp:featuredmedia":[{"embeddable":true,"href":"https:\/\/interkultur.fr\/en\/wp-json\/wp\/v2\/media\/6250"}],"wp:attachment":[{"href":"https:\/\/interkultur.fr\/en\/wp-json\/wp\/v2\/media?parent=6099"}],"wp:term":[{"taxonomy":"product_brand","embeddable":true,"href":"https:\/\/interkultur.fr\/en\/wp-json\/wp\/v2\/product_brand?post=6099"},{"taxonomy":"product_cat","embeddable":true,"href":"https:\/\/interkultur.fr\/en\/wp-json\/wp\/v2\/product_cat?post=6099"},{"taxonomy":"product_tag","embeddable":true,"href":"https:\/\/interkultur.fr\/en\/wp-json\/wp\/v2\/product_tag?post=6099"}],"curies":[{"name":"wp","href":"https:\/\/api.w.org\/{rel}","templated":true}]}}

<h3>Belleville</h3>
<p><strong>Practical Informations</strong><br />
• Meeting Point: Belleville metro station (lines 2 and 11)<br />
• Duration : 2h15<br />
• Walking tour<br />
• <strong>Private tour</strong> at any date (270€/group)</p>
<p style="text-align: justify;">Walk the steep streets of the Belleville and Ménilmontant hills to discover the <strong>charms and secrets</strong> of these northern Parisian neighborhoods.<br />
Separated from Paris by the surrounding wall for a long time, the two villages were used for sheltering brigands, smugglers and Parisians who came to get entertained in the <strong>many taverns</strong> and cabarets located there, the whole surrounded by <strong>vast vineyards</strong>.<br />
Integrated in the capital in 1860, the two suburbs rapidly got urbanized to house factories, workshops and workers&#8217; residences. This population is at the center of the <strong>social riots</strong> of the nineteenth and twentieth centuries.<br />
After the war, the neighborhood changed radically with the arrival of extremely <strong>diverse communities</strong> making of Belleville <strong>one of the most cosmopolitan areas</strong> of Paris. At the same time, a large number of old and unhealthy buildings were destroyed to make room for large complexes typical of today&#8217;s northeast of Paris.<br />
There are, however, several villas, cottages and <strong>passages full of charm</strong>, amidst steep streets with local shops, colorful squares, bars and restaurants very popular with Parisians.<br />
It will also be possible to admire the <strong>last &#8220;water maintenance houses</strong>&#8221; of the sixteenth and seventeenth centuries, witnesses of the capture of sources used to feed some religious congregations of Paris, now wedged between modern buildings and <strong>small houses</strong> with vegetal or colored walls.</p>

<p><strong>Belleville and Ménilmontant</strong>, traditional working class and Parisian areas, have seen a long evolution to now welcome some of the most <strong>vibrant and trendy districts</strong> of Paris. On top of the <strong>most beautiful panorama</strong> over Paris, discover artists workshops as well countless street art works. <strong>Hidden villas</strong> and back alleys lead to pretty squares and <strong>architectural beauties</strong> hidden behind modern buildings.<br />
From the birth place of <strong>Edith Piaf</strong> to a very colorful food and clothes market, stroll the winding streets of Belleville and encounter a new and <strong>true face of Paris</strong>.</p>

<!-- This site is optimized with the Yoast SEO plugin v27.5 - https://yoast.com/product/yoast-seo-wordpress/ -->
<title>Belleville - Interkultur</title>
<meta name="robots" content="index, follow, max-snippet:-1, max-image-preview:large, max-video-preview:-1" />
<link rel="canonical" href="https://interkultur.fr/en/produit/belleville/" />
<meta property="og:locale" content="en_US" />
<meta property="og:type" content="article" />
<meta property="og:title" content="Belleville - Interkultur" />
<meta property="og:description" content="Belleville and Ménilmontant, traditional working class and Parisian areas, have seen a long evolution to now welcome some of the most vibrant and trendy districts of Paris. On top of the most beautiful panorama over Paris, discover artists workshops as well countless street art works. Hidden villas and back alleys lead to pretty squares and architectural beauties hidden behind modern buildings. From the birth place of Edith Piaf to a very colorful food and clothes market, stroll the winding streets of Belleville and encounter a new and true face of Paris." />
<meta property="og:url" content="https://interkultur.fr/en/produit/belleville/" />
<meta property="og:site_name" content="Interkultur" />
<meta property="article:modified_time" content="2024-02-07T22:10:59+00:00" />
<meta property="og:image" content="https://interkultur.fr/wp-content/uploads/2024/02/Belleville-panorama.jpg" />
	<meta property="og:image:width" content="510" />
	<meta property="og:image:height" content="680" />
	<meta property="og:image:type" content="image/jpeg" />
<meta name="twitter:card" content="summary_large_image" />
<script type="application/ld+json" class="yoast-schema-graph">{"@context":"https:\/\/schema.org","@graph":[{"@type":"WebPage","@id":"https:\/\/interkultur.fr\/en\/produit\/belleville\/","url":"https:\/\/interkultur.fr\/en\/produit\/belleville\/","name":"Belleville - Interkultur","isPartOf":{"@id":"https:\/\/interkultur.fr\/en\/#website"},"primaryImageOfPage":{"@id":"https:\/\/interkultur.fr\/en\/produit\/belleville\/#primaryimage"},"image":{"@id":"https:\/\/interkultur.fr\/en\/produit\/belleville\/#primaryimage"},"thumbnailUrl":"https:\/\/interkultur.fr\/wp-content\/uploads\/2024\/02\/Belleville-panorama.jpg","datePublished":"2024-02-07T12:03:45+00:00","dateModified":"2024-02-07T22:10:59+00:00","breadcrumb":{"@id":"https:\/\/interkultur.fr\/en\/produit\/belleville\/#breadcrumb"},"inLanguage":"en-US","potentialAction":[{"@type":"ReadAction","target":["https:\/\/interkultur.fr\/en\/produit\/belleville\/"]}]},{"@type":"ImageObject","inLanguage":"en-US","@id":"https:\/\/interkultur.fr\/en\/produit\/belleville\/#primaryimage","url":"https:\/\/interkultur.fr\/wp-content\/uploads\/2024\/02\/Belleville-panorama.jpg","contentUrl":"https:\/\/interkultur.fr\/wp-content\/uploads\/2024\/02\/Belleville-panorama.jpg","width":510,"height":680},{"@type":"BreadcrumbList","@id":"https:\/\/interkultur.fr\/en\/produit\/belleville\/#breadcrumb","itemListElement":[{"@type":"ListItem","position":1,"name":"Accueil","item":"https:\/\/interkultur.fr\/en\/"},{"@type":"ListItem","position":2,"name":"Shop","item":"https:\/\/interkultur.fr\/en\/shop\/"},{"@type":"ListItem","position":3,"name":"Belleville"}]},{"@type":"WebSite","@id":"https:\/\/interkultur.fr\/en\/#website","url":"https:\/\/interkultur.fr\/en\/","name":"Interkultur","description":"Visites et événements culturels dans le Paris secret liés à l’Histoire, l’art, et la valorisation du patrimoine et des savoirs faire.","potentialAction":[{"@type":"SearchAction","target":{"@type":"EntryPoint","urlTemplate":"https:\/\/interkultur.fr\/en\/?s={search_term_string}"},"query-input":{"@type":"PropertyValueSpecification","valueRequired":true,"valueName":"search_term_string"}}],"inLanguage":"en-US"}]}</script>
<!-- / Yoast SEO plugin. -->

Belleville and Ménilmontant, traditional working class and Parisian areas, have seen a long evolution to now welcome some of the most vibrant and trendy districts of Paris. On top of the most beautiful panorama over Paris, discover artists workshops as well countless street art works. Hidden villas and back alleys lead to pretty squares and architectural beauties hidden behind modern buildings. From the birth place of Edith Piaf to a very colorful food and clothes market, stroll the winding streets of Belleville and encounter a new and true face of Paris.

Visites et événements culturels dans le Paris secret liés à l’Histoire, l’art, et la valorisation du patrimoine et des savoirs faire.
