{"id":6932,"date":"2024-02-12T17:39:00","date_gmt":"2024-02-12T16:39:00","guid":{"rendered":"https:\/\/interkultur.fr\/?post_type=product&#038;p=6932"},"modified":"2024-10-06T23:58:44","modified_gmt":"2024-10-06T21:58:44","slug":"jewish-dynasties-2","status":"publish","type":"product","link":"https:\/\/interkultur.fr\/en\/produit\/jewish-dynasties-2\/","title":{"rendered":"Jewish Dynasties"},"content":{"rendered":"<h2>Jewish Dynasties<\/h2>\n<p style=\"text-align: justify;\"><strong>Practical information<\/strong><\/p>\n<ul style=\"text-align: justify;\">\n<li>Location : 94, Bd de Courcelles<\/li>\n<li>Duration : 2h<\/li>\n<li>Walking tour<\/li>\n<li>Private group tour at any date (270\u20ac\/group)<\/li>\n<li>Small group (up to 8 people) 50-80\u20ac pp<\/li>\n<li><strong>Option: <\/strong>Mus\u00e9e Camondo 10\u20ac pp (closed on Tuesday)<\/li>\n<\/ul>\n<p>&nbsp;<\/p>\n<p style=\"text-align: justify;\">The tour will explore the Parc Monceau area and expose the beautiful mansions built by the Jewish elite in the nineteenth century.<\/p>\n<p style=\"text-align: justify;\">The visit starts with the <strong>Pereire<\/strong> estate, where the group will be able to approach and stand in the courtyard. Built in the 1839&#8217;s for the famous banker&#8217;s family, it is now the home of a cultural Foundation.<\/p>\n<p style=\"text-align: justify;\">Many other important Jewish families decide to live on the edge of the park, such as the <strong>de Reinach<\/strong>. One of them, Joseph, is remembered as <strong>Captain Dreyfus<\/strong>&#8216;s vibrant advocate.<br \/>\nNow headquarter of Rolex France, another mansion used to house the <strong>Dreyfus<\/strong> family, fabulously rich after &#8220;the contract of the century&#8221; with South America. It is facing the <strong>Rosenthal<\/strong> estate, today part of the Pharmacist national corporation.<br \/>\nAnother imposing house belonged to <strong>Henri Cernuschi<\/strong>. An Asian art passionate, he built is home to house his fantastic collection, now open to everyone.<\/p>\n<p style=\"text-align: justify;\">The tour will show other places, among which the two <strong>Camondo<\/strong> houses. One of them is today a splendid Museum full of 18th century art, objects and furniture.<br \/>\nThe walk will also show pictures of mansions no longer existing, such as <strong>the Rothchild&#8217;s.<\/strong><\/p>\n<p style=\"text-align: justify;\">A last stretch will enable us to admire the block of flat where lived one of the most illustrious French author: <strong>Marcel Proust<\/strong>.<\/p>\n<p style=\"text-align: justify;\"><strong>Additional visit: the Camondo Museum<\/strong> (10\u20ac\/pers.).<br \/>\nCount Moise de Camondo, bequeathed his mansion and art collection to the French Institute after his death in 1935. He dedicated his life to acquiring art and objects from 18th century France.<br \/>\nThe visit is also an occasion to see the kitchen, bathroom and bedrooms as well as a real overview of how lived a rich Jewish family before the Second World War.<\/p>\n<p>&nbsp;<\/p>\n","protected":false},"excerpt":{"rendered":"<p>Walk around the Park Monceau and discover the <strong>beautiful mansions<\/strong> of famous Jewish families who were part of the Parisian rich <strong>elite society<\/strong> living in this brand new area of Paris from the mid nineteenth century.<\/p>\n","protected":false},"featured_media":6997,"template":"","meta":{"_price":"","_stock":"","_tribe_ticket_header":"","_tribe_default_ticket_provider":"","_tribe_ticket_capacity":"0","_ticket_start_date":"","_ticket_end_date":"","_tribe_ticket_show_description":"","_tribe_ticket_show_not_going":false,"_tribe_ticket_use_global_stock":"","_tribe_ticket_global_stock_level":"","_global_stock_mode":"","_global_stock_cap":"","_tribe_rsvp_for_event":"","_tribe_ticket_going_count":"","_tribe_ticket_not_going_count":"","_tribe_tickets_list":"[]","_tribe_ticket_has_attendee_info_fields":false,"_tec_slr_enabled":"","_tec_slr_layout":""},"product_brand":[],"product_cat":[143],"product_tag":[],"class_list":{"0":"post-6932","1":"product","2":"type-product","3":"status-publish","4":"has-post-thumbnail","6":"product_cat-visit-paris","8":"first","9":"instock","10":"featured","11":"virtual","12":"product-type-simple"},"yoast_head":"<!-- This site is optimized with the Yoast SEO plugin v27.5 - https:\/\/yoast.com\/product\/yoast-seo-wordpress\/ -->\n<title>Jewish Dynasties - Interkultur<\/title>\n<meta name=\"robots\" content=\"index, follow, max-snippet:-1, max-image-preview:large, max-video-preview:-1\" \/>\n<link rel=\"canonical\" href=\"https:\/\/interkultur.fr\/en\/produit\/jewish-dynasties-2\/\" \/>\n<meta property=\"og:locale\" content=\"en_US\" \/>\n<meta property=\"og:type\" content=\"article\" \/>\n<meta property=\"og:title\" content=\"Jewish Dynasties - Interkultur\" \/>\n<meta property=\"og:description\" content=\"Walk around the Park Monceau and discover the beautiful mansions of famous Jewish families who were part of the Parisian rich elite society living in this brand new area of Paris from the mid nineteenth century.\" \/>\n<meta property=\"og:url\" content=\"https:\/\/interkultur.fr\/en\/produit\/jewish-dynasties-2\/\" \/>\n<meta property=\"og:site_name\" content=\"Interkultur\" \/>\n<meta property=\"article:modified_time\" content=\"2024-10-06T21:58:44+00:00\" \/>\n<meta property=\"og:image\" content=\"https:\/\/interkultur.fr\/wp-content\/uploads\/2024\/02\/Fondation-Del-Duca.jpeg\" \/>\n\t<meta property=\"og:image:width\" content=\"1536\" \/>\n\t<meta property=\"og:image:height\" content=\"2048\" \/>\n\t<meta property=\"og:image:type\" content=\"image\/jpeg\" \/>\n<meta name=\"twitter:card\" content=\"summary_large_image\" \/>\n<script type=\"application\/ld+json\" class=\"yoast-schema-graph\">{\"@context\":\"https:\\\/\\\/schema.org\",\"@graph\":[{\"@type\":\"WebPage\",\"@id\":\"https:\\\/\\\/interkultur.fr\\\/en\\\/produit\\\/jewish-dynasties-2\\\/\",\"url\":\"https:\\\/\\\/interkultur.fr\\\/en\\\/produit\\\/jewish-dynasties-2\\\/\",\"name\":\"Jewish Dynasties - Interkultur\",\"isPartOf\":{\"@id\":\"https:\\\/\\\/interkultur.fr\\\/en\\\/#website\"},\"primaryImageOfPage\":{\"@id\":\"https:\\\/\\\/interkultur.fr\\\/en\\\/produit\\\/jewish-dynasties-2\\\/#primaryimage\"},\"image\":{\"@id\":\"https:\\\/\\\/interkultur.fr\\\/en\\\/produit\\\/jewish-dynasties-2\\\/#primaryimage\"},\"thumbnailUrl\":\"https:\\\/\\\/interkultur.fr\\\/wp-content\\\/uploads\\\/2024\\\/02\\\/Fondation-Del-Duca.jpeg\",\"datePublished\":\"2024-02-12T16:39:00+00:00\",\"dateModified\":\"2024-10-06T21:58:44+00:00\",\"breadcrumb\":{\"@id\":\"https:\\\/\\\/interkultur.fr\\\/en\\\/produit\\\/jewish-dynasties-2\\\/#breadcrumb\"},\"inLanguage\":\"en-US\",\"potentialAction\":[{\"@type\":\"ReadAction\",\"target\":[\"https:\\\/\\\/interkultur.fr\\\/en\\\/produit\\\/jewish-dynasties-2\\\/\"]}]},{\"@type\":\"ImageObject\",\"inLanguage\":\"en-US\",\"@id\":\"https:\\\/\\\/interkultur.fr\\\/en\\\/produit\\\/jewish-dynasties-2\\\/#primaryimage\",\"url\":\"https:\\\/\\\/interkultur.fr\\\/wp-content\\\/uploads\\\/2024\\\/02\\\/Fondation-Del-Duca.jpeg\",\"contentUrl\":\"https:\\\/\\\/interkultur.fr\\\/wp-content\\\/uploads\\\/2024\\\/02\\\/Fondation-Del-Duca.jpeg\",\"width\":1536,\"height\":2048},{\"@type\":\"BreadcrumbList\",\"@id\":\"https:\\\/\\\/interkultur.fr\\\/en\\\/produit\\\/jewish-dynasties-2\\\/#breadcrumb\",\"itemListElement\":[{\"@type\":\"ListItem\",\"position\":1,\"name\":\"Accueil\",\"item\":\"https:\\\/\\\/interkultur.fr\\\/en\\\/\"},{\"@type\":\"ListItem\",\"position\":2,\"name\":\"Shop\",\"item\":\"https:\\\/\\\/interkultur.fr\\\/en\\\/shop\\\/\"},{\"@type\":\"ListItem\",\"position\":3,\"name\":\"Jewish Dynasties\"}]},{\"@type\":\"WebSite\",\"@id\":\"https:\\\/\\\/interkultur.fr\\\/en\\\/#website\",\"url\":\"https:\\\/\\\/interkultur.fr\\\/en\\\/\",\"name\":\"Interkultur\",\"description\":\"Visites et \u00e9v\u00e9nements culturels dans le Paris secret li\u00e9s \u00e0 l\u2019Histoire, l\u2019art, et la valorisation du patrimoine et des savoirs faire.\",\"potentialAction\":[{\"@type\":\"SearchAction\",\"target\":{\"@type\":\"EntryPoint\",\"urlTemplate\":\"https:\\\/\\\/interkultur.fr\\\/en\\\/?s={search_term_string}\"},\"query-input\":{\"@type\":\"PropertyValueSpecification\",\"valueRequired\":true,\"valueName\":\"search_term_string\"}}],\"inLanguage\":\"en-US\"}]}<\/script>\n<!-- \/ Yoast SEO plugin. -->","yoast_head_json":{"title":"Jewish Dynasties - Interkultur","robots":{"index":"index","follow":"follow","max-snippet":"max-snippet:-1","max-image-preview":"max-image-preview:large","max-video-preview":"max-video-preview:-1"},"canonical":"https:\/\/interkultur.fr\/en\/produit\/jewish-dynasties-2\/","og_locale":"en_US","og_type":"article","og_title":"Jewish Dynasties - Interkultur","og_description":"Walk around the Park Monceau and discover the beautiful mansions of famous Jewish families who were part of the Parisian rich elite society living in this brand new area of Paris from the mid nineteenth century.","og_url":"https:\/\/interkultur.fr\/en\/produit\/jewish-dynasties-2\/","og_site_name":"Interkultur","article_modified_time":"2024-10-06T21:58:44+00:00","og_image":[{"width":1536,"height":2048,"url":"https:\/\/interkultur.fr\/wp-content\/uploads\/2024\/02\/Fondation-Del-Duca.jpeg","type":"image\/jpeg"}],"twitter_card":"summary_large_image","schema":{"@context":"https:\/\/schema.org","@graph":[{"@type":"WebPage","@id":"https:\/\/interkultur.fr\/en\/produit\/jewish-dynasties-2\/","url":"https:\/\/interkultur.fr\/en\/produit\/jewish-dynasties-2\/","name":"Jewish Dynasties - Interkultur","isPartOf":{"@id":"https:\/\/interkultur.fr\/en\/#website"},"primaryImageOfPage":{"@id":"https:\/\/interkultur.fr\/en\/produit\/jewish-dynasties-2\/#primaryimage"},"image":{"@id":"https:\/\/interkultur.fr\/en\/produit\/jewish-dynasties-2\/#primaryimage"},"thumbnailUrl":"https:\/\/interkultur.fr\/wp-content\/uploads\/2024\/02\/Fondation-Del-Duca.jpeg","datePublished":"2024-02-12T16:39:00+00:00","dateModified":"2024-10-06T21:58:44+00:00","breadcrumb":{"@id":"https:\/\/interkultur.fr\/en\/produit\/jewish-dynasties-2\/#breadcrumb"},"inLanguage":"en-US","potentialAction":[{"@type":"ReadAction","target":["https:\/\/interkultur.fr\/en\/produit\/jewish-dynasties-2\/"]}]},{"@type":"ImageObject","inLanguage":"en-US","@id":"https:\/\/interkultur.fr\/en\/produit\/jewish-dynasties-2\/#primaryimage","url":"https:\/\/interkultur.fr\/wp-content\/uploads\/2024\/02\/Fondation-Del-Duca.jpeg","contentUrl":"https:\/\/interkultur.fr\/wp-content\/uploads\/2024\/02\/Fondation-Del-Duca.jpeg","width":1536,"height":2048},{"@type":"BreadcrumbList","@id":"https:\/\/interkultur.fr\/en\/produit\/jewish-dynasties-2\/#breadcrumb","itemListElement":[{"@type":"ListItem","position":1,"name":"Accueil","item":"https:\/\/interkultur.fr\/en\/"},{"@type":"ListItem","position":2,"name":"Shop","item":"https:\/\/interkultur.fr\/en\/shop\/"},{"@type":"ListItem","position":3,"name":"Jewish Dynasties"}]},{"@type":"WebSite","@id":"https:\/\/interkultur.fr\/en\/#website","url":"https:\/\/interkultur.fr\/en\/","name":"Interkultur","description":"Visites et \u00e9v\u00e9nements culturels dans le Paris secret li\u00e9s \u00e0 l\u2019Histoire, l\u2019art, et la valorisation du patrimoine et des savoirs faire.","potentialAction":[{"@type":"SearchAction","target":{"@type":"EntryPoint","urlTemplate":"https:\/\/interkultur.fr\/en\/?s={search_term_string}"},"query-input":{"@type":"PropertyValueSpecification","valueRequired":true,"valueName":"search_term_string"}}],"inLanguage":"en-US"}]}},"_links":{"self":[{"href":"https:\/\/interkultur.fr\/en\/wp-json\/wp\/v2\/product\/6932","targetHints":{"allow":["GET"]}}],"collection":[{"href":"https:\/\/interkultur.fr\/en\/wp-json\/wp\/v2\/product"}],"about":[{"href":"https:\/\/interkultur.fr\/en\/wp-json\/wp\/v2\/types\/product"}],"wp:featuredmedia":[{"embeddable":true,"href":"https:\/\/interkultur.fr\/en\/wp-json\/wp\/v2\/media\/6997"}],"wp:attachment":[{"href":"https:\/\/interkultur.fr\/en\/wp-json\/wp\/v2\/media?parent=6932"}],"wp:term":[{"taxonomy":"product_brand","embeddable":true,"href":"https:\/\/interkultur.fr\/en\/wp-json\/wp\/v2\/product_brand?post=6932"},{"taxonomy":"product_cat","embeddable":true,"href":"https:\/\/interkultur.fr\/en\/wp-json\/wp\/v2\/product_cat?post=6932"},{"taxonomy":"product_tag","embeddable":true,"href":"https:\/\/interkultur.fr\/en\/wp-json\/wp\/v2\/product_tag?post=6932"}],"curies":[{"name":"wp","href":"https:\/\/api.w.org\/{rel}","templated":true}]}}

<h2>Jewish Dynasties</h2>
<p style="text-align: justify;"><strong>Practical information</strong></p>
<ul style="text-align: justify;">
<li>Location : 94, Bd de Courcelles</li>
<li>Duration : 2h</li>
<li>Walking tour</li>
<li>Private group tour at any date (270€/group)</li>
<li>Small group (up to 8 people) 50-80€ pp</li>
<li><strong>Option: </strong>Musée Camondo 10€ pp (closed on Tuesday)</li>
</ul>
<p>&nbsp;</p>
<p style="text-align: justify;">The tour will explore the Parc Monceau area and expose the beautiful mansions built by the Jewish elite in the nineteenth century.</p>
<p style="text-align: justify;">The visit starts with the <strong>Pereire</strong> estate, where the group will be able to approach and stand in the courtyard. Built in the 1839&#8217;s for the famous banker&#8217;s family, it is now the home of a cultural Foundation.</p>
<p style="text-align: justify;">Many other important Jewish families decide to live on the edge of the park, such as the <strong>de Reinach</strong>. One of them, Joseph, is remembered as <strong>Captain Dreyfus</strong>&#8216;s vibrant advocate.<br />
Now headquarter of Rolex France, another mansion used to house the <strong>Dreyfus</strong> family, fabulously rich after &#8220;the contract of the century&#8221; with South America. It is facing the <strong>Rosenthal</strong> estate, today part of the Pharmacist national corporation.<br />
Another imposing house belonged to <strong>Henri Cernuschi</strong>. An Asian art passionate, he built is home to house his fantastic collection, now open to everyone.</p>
<p style="text-align: justify;">The tour will show other places, among which the two <strong>Camondo</strong> houses. One of them is today a splendid Museum full of 18th century art, objects and furniture.<br />
The walk will also show pictures of mansions no longer existing, such as <strong>the Rothchild&#8217;s.</strong></p>
<p style="text-align: justify;">A last stretch will enable us to admire the block of flat where lived one of the most illustrious French author: <strong>Marcel Proust</strong>.</p>
<p style="text-align: justify;"><strong>Additional visit: the Camondo Museum</strong> (10€/pers.).<br />
Count Moise de Camondo, bequeathed his mansion and art collection to the French Institute after his death in 1935. He dedicated his life to acquiring art and objects from 18th century France.<br />
The visit is also an occasion to see the kitchen, bathroom and bedrooms as well as a real overview of how lived a rich Jewish family before the Second World War.</p>
<p>&nbsp;</p>

<!-- This site is optimized with the Yoast SEO plugin v27.5 - https://yoast.com/product/yoast-seo-wordpress/ -->
<title>Jewish Dynasties - Interkultur</title>
<meta name="robots" content="index, follow, max-snippet:-1, max-image-preview:large, max-video-preview:-1" />
<link rel="canonical" href="https://interkultur.fr/en/produit/jewish-dynasties-2/" />
<meta property="og:locale" content="en_US" />
<meta property="og:type" content="article" />
<meta property="og:title" content="Jewish Dynasties - Interkultur" />
<meta property="og:description" content="Walk around the Park Monceau and discover the beautiful mansions of famous Jewish families who were part of the Parisian rich elite society living in this brand new area of Paris from the mid nineteenth century." />
<meta property="og:url" content="https://interkultur.fr/en/produit/jewish-dynasties-2/" />
<meta property="og:site_name" content="Interkultur" />
<meta property="article:modified_time" content="2024-10-06T21:58:44+00:00" />
<meta property="og:image" content="https://interkultur.fr/wp-content/uploads/2024/02/Fondation-Del-Duca.jpeg" />
	<meta property="og:image:width" content="1536" />
	<meta property="og:image:height" content="2048" />
	<meta property="og:image:type" content="image/jpeg" />
<meta name="twitter:card" content="summary_large_image" />
<script type="application/ld+json" class="yoast-schema-graph">{"@context":"https:\/\/schema.org","@graph":[{"@type":"WebPage","@id":"https:\/\/interkultur.fr\/en\/produit\/jewish-dynasties-2\/","url":"https:\/\/interkultur.fr\/en\/produit\/jewish-dynasties-2\/","name":"Jewish Dynasties - Interkultur","isPartOf":{"@id":"https:\/\/interkultur.fr\/en\/#website"},"primaryImageOfPage":{"@id":"https:\/\/interkultur.fr\/en\/produit\/jewish-dynasties-2\/#primaryimage"},"image":{"@id":"https:\/\/interkultur.fr\/en\/produit\/jewish-dynasties-2\/#primaryimage"},"thumbnailUrl":"https:\/\/interkultur.fr\/wp-content\/uploads\/2024\/02\/Fondation-Del-Duca.jpeg","datePublished":"2024-02-12T16:39:00+00:00","dateModified":"2024-10-06T21:58:44+00:00","breadcrumb":{"@id":"https:\/\/interkultur.fr\/en\/produit\/jewish-dynasties-2\/#breadcrumb"},"inLanguage":"en-US","potentialAction":[{"@type":"ReadAction","target":["https:\/\/interkultur.fr\/en\/produit\/jewish-dynasties-2\/"]}]},{"@type":"ImageObject","inLanguage":"en-US","@id":"https:\/\/interkultur.fr\/en\/produit\/jewish-dynasties-2\/#primaryimage","url":"https:\/\/interkultur.fr\/wp-content\/uploads\/2024\/02\/Fondation-Del-Duca.jpeg","contentUrl":"https:\/\/interkultur.fr\/wp-content\/uploads\/2024\/02\/Fondation-Del-Duca.jpeg","width":1536,"height":2048},{"@type":"BreadcrumbList","@id":"https:\/\/interkultur.fr\/en\/produit\/jewish-dynasties-2\/#breadcrumb","itemListElement":[{"@type":"ListItem","position":1,"name":"Accueil","item":"https:\/\/interkultur.fr\/en\/"},{"@type":"ListItem","position":2,"name":"Shop","item":"https:\/\/interkultur.fr\/en\/shop\/"},{"@type":"ListItem","position":3,"name":"Jewish Dynasties"}]},{"@type":"WebSite","@id":"https:\/\/interkultur.fr\/en\/#website","url":"https:\/\/interkultur.fr\/en\/","name":"Interkultur","description":"Visites et événements culturels dans le Paris secret liés à l’Histoire, l’art, et la valorisation du patrimoine et des savoirs faire.","potentialAction":[{"@type":"SearchAction","target":{"@type":"EntryPoint","urlTemplate":"https:\/\/interkultur.fr\/en\/?s={search_term_string}"},"query-input":{"@type":"PropertyValueSpecification","valueRequired":true,"valueName":"search_term_string"}}],"inLanguage":"en-US"}]}</script>
<!-- / Yoast SEO plugin. -->

Visites et événements culturels dans le Paris secret liés à l’Histoire, l’art, et la valorisation du patrimoine et des savoirs faire.
