{"id":7586,"date":"2024-02-15T11:40:06","date_gmt":"2024-02-15T10:40:06","guid":{"rendered":"https:\/\/interkultur.fr\/?post_type=product&#038;p=7586"},"modified":"2024-02-25T20:36:47","modified_gmt":"2024-02-25T19:36:47","slug":"chartres","status":"publish","type":"product","link":"https:\/\/interkultur.fr\/en\/produit\/chartres\/","title":{"rendered":"Chartres"},"content":{"rendered":"<h3>Chartres the quiet and beautiful<\/h3>\n<p><strong>Practical informations:<\/strong><br \/>\n\u2022 Collection point:\u00a0to be confirmed<br \/>\n\u2022 Duration: 06h<br \/>\n\u2022\u00a0 Train \/ walking (For private transport, special quote required)<br \/>\n\u2022 Transportation and all sites tickets included.<\/p>\n<p>Arrival in Chartres is after an hour by train from Paris Montparnasse.<\/p>\n<p>The <strong>pilgrimage<\/strong> to Chartres is very old. Druids occupied a sanctuary on the site of the future cathedral more than two thousand years ago. They venerated a statue later associated with the pregnant Virgin Mary. An old legend gradually attributed <strong>miraculous virtues<\/strong> to it, leading to the arrival of fervent crowds and famous people, including Louis XIV himself.<\/p>\n<p>This is why the different buildings constructed have always been g<strong>randiose<\/strong>. The current cathedral dates from the 11th to the 13th century. Its towers, more than 100m high, have long remained <strong>the tallest in the Christian world<\/strong>. Its architectural unity and its incredible statuary decoration have earned it a <strong>UNESCO World Heritage<\/strong> listing.<br \/>\nFinally, the stained glass windows with <strong>the famous \u201cChartres blue color<\/strong>\u201d constitute the most complete set in the world and a testimony to medieval art. Even today, the city is the largest international center for <strong>stained glass<\/strong> work.<\/p>\n<p>The city, capital of the Eure department, spreads out at the foot of the cathedral. Its lively center retains <strong>superb medieval and Renaissance houses<\/strong>, including a very <strong>impressive vaulted house<\/strong> transformed into a shop, as well as a <strong>food market<\/strong> with gastronomic products typical of the Center region. The walk will highlight the <strong>historic center<\/strong> but also other important buildings, civil and religious, but also the <strong>picturesque banks<\/strong> of the Eure, which passes below the city.<br \/>\nWalking around the city center will also show streets with half-timbered houses, a superb Renaissance church, and finally the <strong>flower market<\/strong>, which attracts many enthusiasts and which is held on Tuesday, Thursday and Saturday.<\/p>\n<p>&nbsp;<\/p>\n","protected":false},"excerpt":{"rendered":"<p>Just under an hour by train from Paris, Chartres is a great and convenient getaway for a day out of Paris.<br \/>\nThe <strong>cathedral<\/strong>, celebrated by many writers and artists, is one of the most fundamental in <strong>medieval Gothic art<\/strong>.<br \/>\nThe town, with its medieval and lively center, offers multiple attractions for strolling and shopping.<br \/>\nFinally, the tour will end with the discovery of the <strong>famous flower market<\/strong> (3 days a week).<\/p>\n","protected":false},"featured_media":7319,"template":"","meta":{"_price":"","_stock":"","_tribe_ticket_header":"","_tribe_default_ticket_provider":"","_tribe_ticket_capacity":"0","_ticket_start_date":"","_ticket_end_date":"","_tribe_ticket_show_description":"","_tribe_ticket_show_not_going":false,"_tribe_ticket_use_global_stock":"","_tribe_ticket_global_stock_level":"","_global_stock_mode":"","_global_stock_cap":"","_tribe_rsvp_for_event":"","_tribe_ticket_going_count":"","_tribe_ticket_not_going_count":"","_tribe_tickets_list":"[]","_tribe_ticket_has_attendee_info_fields":false,"_tec_slr_enabled":"","_tec_slr_layout":""},"product_brand":[],"product_cat":[142],"product_tag":[],"class_list":{"0":"post-7586","1":"product","2":"type-product","3":"status-publish","4":"has-post-thumbnail","6":"product_cat-tours-france","8":"first","9":"instock","10":"featured","11":"virtual","12":"product-type-simple"},"yoast_head":"<!-- This site is optimized with the Yoast SEO plugin v27.4 - https:\/\/yoast.com\/product\/yoast-seo-wordpress\/ -->\n<title>Chartres - Interkultur<\/title>\n<meta name=\"robots\" content=\"index, follow, max-snippet:-1, max-image-preview:large, max-video-preview:-1\" \/>\n<link rel=\"canonical\" href=\"https:\/\/interkultur.fr\/en\/produit\/chartres\/\" \/>\n<meta property=\"og:locale\" content=\"en_US\" \/>\n<meta property=\"og:type\" content=\"article\" \/>\n<meta property=\"og:title\" content=\"Chartres - Interkultur\" \/>\n<meta property=\"og:description\" content=\"Just under an hour by train from Paris, Chartres is a great and convenient getaway for a day out of Paris. The cathedral, celebrated by many writers and artists, is one of the most fundamental in medieval Gothic art. The town, with its medieval and lively center, offers multiple attractions for strolling and shopping. Finally, the tour will end with the discovery of the famous flower market (3 days a week).\" \/>\n<meta property=\"og:url\" content=\"https:\/\/interkultur.fr\/en\/produit\/chartres\/\" \/>\n<meta property=\"og:site_name\" content=\"Interkultur\" \/>\n<meta property=\"article:modified_time\" content=\"2024-02-25T19:36:47+00:00\" \/>\n<meta property=\"og:image\" content=\"https:\/\/interkultur.fr\/wp-content\/uploads\/2024\/02\/Chartres-scaled.jpg\" \/>\n\t<meta property=\"og:image:width\" content=\"2560\" \/>\n\t<meta property=\"og:image:height\" content=\"1685\" \/>\n\t<meta property=\"og:image:type\" content=\"image\/jpeg\" \/>\n<meta name=\"twitter:card\" content=\"summary_large_image\" \/>\n<script type=\"application\/ld+json\" class=\"yoast-schema-graph\">{\"@context\":\"https:\\\/\\\/schema.org\",\"@graph\":[{\"@type\":\"WebPage\",\"@id\":\"https:\\\/\\\/interkultur.fr\\\/en\\\/produit\\\/chartres\\\/\",\"url\":\"https:\\\/\\\/interkultur.fr\\\/en\\\/produit\\\/chartres\\\/\",\"name\":\"Chartres - Interkultur\",\"isPartOf\":{\"@id\":\"https:\\\/\\\/interkultur.fr\\\/en\\\/#website\"},\"primaryImageOfPage\":{\"@id\":\"https:\\\/\\\/interkultur.fr\\\/en\\\/produit\\\/chartres\\\/#primaryimage\"},\"image\":{\"@id\":\"https:\\\/\\\/interkultur.fr\\\/en\\\/produit\\\/chartres\\\/#primaryimage\"},\"thumbnailUrl\":\"https:\\\/\\\/interkultur.fr\\\/wp-content\\\/uploads\\\/2024\\\/02\\\/Chartres-scaled.jpg\",\"datePublished\":\"2024-02-15T10:40:06+00:00\",\"dateModified\":\"2024-02-25T19:36:47+00:00\",\"breadcrumb\":{\"@id\":\"https:\\\/\\\/interkultur.fr\\\/en\\\/produit\\\/chartres\\\/#breadcrumb\"},\"inLanguage\":\"en-US\",\"potentialAction\":[{\"@type\":\"ReadAction\",\"target\":[\"https:\\\/\\\/interkultur.fr\\\/en\\\/produit\\\/chartres\\\/\"]}]},{\"@type\":\"ImageObject\",\"inLanguage\":\"en-US\",\"@id\":\"https:\\\/\\\/interkultur.fr\\\/en\\\/produit\\\/chartres\\\/#primaryimage\",\"url\":\"https:\\\/\\\/interkultur.fr\\\/wp-content\\\/uploads\\\/2024\\\/02\\\/Chartres-scaled.jpg\",\"contentUrl\":\"https:\\\/\\\/interkultur.fr\\\/wp-content\\\/uploads\\\/2024\\\/02\\\/Chartres-scaled.jpg\",\"width\":2560,\"height\":1685},{\"@type\":\"BreadcrumbList\",\"@id\":\"https:\\\/\\\/interkultur.fr\\\/en\\\/produit\\\/chartres\\\/#breadcrumb\",\"itemListElement\":[{\"@type\":\"ListItem\",\"position\":1,\"name\":\"Accueil\",\"item\":\"https:\\\/\\\/interkultur.fr\\\/en\\\/\"},{\"@type\":\"ListItem\",\"position\":2,\"name\":\"Shop\",\"item\":\"https:\\\/\\\/interkultur.fr\\\/en\\\/shop\\\/\"},{\"@type\":\"ListItem\",\"position\":3,\"name\":\"Chartres\"}]},{\"@type\":\"WebSite\",\"@id\":\"https:\\\/\\\/interkultur.fr\\\/en\\\/#website\",\"url\":\"https:\\\/\\\/interkultur.fr\\\/en\\\/\",\"name\":\"Interkultur\",\"description\":\"Visites et \u00e9v\u00e9nements culturels dans le Paris secret li\u00e9s \u00e0 l\u2019Histoire, l\u2019art, et la valorisation du patrimoine et des savoirs faire.\",\"potentialAction\":[{\"@type\":\"SearchAction\",\"target\":{\"@type\":\"EntryPoint\",\"urlTemplate\":\"https:\\\/\\\/interkultur.fr\\\/en\\\/?s={search_term_string}\"},\"query-input\":{\"@type\":\"PropertyValueSpecification\",\"valueRequired\":true,\"valueName\":\"search_term_string\"}}],\"inLanguage\":\"en-US\"}]}<\/script>\n<!-- \/ Yoast SEO plugin. -->","yoast_head_json":{"title":"Chartres - Interkultur","robots":{"index":"index","follow":"follow","max-snippet":"max-snippet:-1","max-image-preview":"max-image-preview:large","max-video-preview":"max-video-preview:-1"},"canonical":"https:\/\/interkultur.fr\/en\/produit\/chartres\/","og_locale":"en_US","og_type":"article","og_title":"Chartres - Interkultur","og_description":"Just under an hour by train from Paris, Chartres is a great and convenient getaway for a day out of Paris. The cathedral, celebrated by many writers and artists, is one of the most fundamental in medieval Gothic art. The town, with its medieval and lively center, offers multiple attractions for strolling and shopping. Finally, the tour will end with the discovery of the famous flower market (3 days a week).","og_url":"https:\/\/interkultur.fr\/en\/produit\/chartres\/","og_site_name":"Interkultur","article_modified_time":"2024-02-25T19:36:47+00:00","og_image":[{"width":2560,"height":1685,"url":"https:\/\/interkultur.fr\/wp-content\/uploads\/2024\/02\/Chartres-scaled.jpg","type":"image\/jpeg"}],"twitter_card":"summary_large_image","schema":{"@context":"https:\/\/schema.org","@graph":[{"@type":"WebPage","@id":"https:\/\/interkultur.fr\/en\/produit\/chartres\/","url":"https:\/\/interkultur.fr\/en\/produit\/chartres\/","name":"Chartres - Interkultur","isPartOf":{"@id":"https:\/\/interkultur.fr\/en\/#website"},"primaryImageOfPage":{"@id":"https:\/\/interkultur.fr\/en\/produit\/chartres\/#primaryimage"},"image":{"@id":"https:\/\/interkultur.fr\/en\/produit\/chartres\/#primaryimage"},"thumbnailUrl":"https:\/\/interkultur.fr\/wp-content\/uploads\/2024\/02\/Chartres-scaled.jpg","datePublished":"2024-02-15T10:40:06+00:00","dateModified":"2024-02-25T19:36:47+00:00","breadcrumb":{"@id":"https:\/\/interkultur.fr\/en\/produit\/chartres\/#breadcrumb"},"inLanguage":"en-US","potentialAction":[{"@type":"ReadAction","target":["https:\/\/interkultur.fr\/en\/produit\/chartres\/"]}]},{"@type":"ImageObject","inLanguage":"en-US","@id":"https:\/\/interkultur.fr\/en\/produit\/chartres\/#primaryimage","url":"https:\/\/interkultur.fr\/wp-content\/uploads\/2024\/02\/Chartres-scaled.jpg","contentUrl":"https:\/\/interkultur.fr\/wp-content\/uploads\/2024\/02\/Chartres-scaled.jpg","width":2560,"height":1685},{"@type":"BreadcrumbList","@id":"https:\/\/interkultur.fr\/en\/produit\/chartres\/#breadcrumb","itemListElement":[{"@type":"ListItem","position":1,"name":"Accueil","item":"https:\/\/interkultur.fr\/en\/"},{"@type":"ListItem","position":2,"name":"Shop","item":"https:\/\/interkultur.fr\/en\/shop\/"},{"@type":"ListItem","position":3,"name":"Chartres"}]},{"@type":"WebSite","@id":"https:\/\/interkultur.fr\/en\/#website","url":"https:\/\/interkultur.fr\/en\/","name":"Interkultur","description":"Visites et \u00e9v\u00e9nements culturels dans le Paris secret li\u00e9s \u00e0 l\u2019Histoire, l\u2019art, et la valorisation du patrimoine et des savoirs faire.","potentialAction":[{"@type":"SearchAction","target":{"@type":"EntryPoint","urlTemplate":"https:\/\/interkultur.fr\/en\/?s={search_term_string}"},"query-input":{"@type":"PropertyValueSpecification","valueRequired":true,"valueName":"search_term_string"}}],"inLanguage":"en-US"}]}},"_links":{"self":[{"href":"https:\/\/interkultur.fr\/en\/wp-json\/wp\/v2\/product\/7586","targetHints":{"allow":["GET"]}}],"collection":[{"href":"https:\/\/interkultur.fr\/en\/wp-json\/wp\/v2\/product"}],"about":[{"href":"https:\/\/interkultur.fr\/en\/wp-json\/wp\/v2\/types\/product"}],"wp:featuredmedia":[{"embeddable":true,"href":"https:\/\/interkultur.fr\/en\/wp-json\/wp\/v2\/media\/7319"}],"wp:attachment":[{"href":"https:\/\/interkultur.fr\/en\/wp-json\/wp\/v2\/media?parent=7586"}],"wp:term":[{"taxonomy":"product_brand","embeddable":true,"href":"https:\/\/interkultur.fr\/en\/wp-json\/wp\/v2\/product_brand?post=7586"},{"taxonomy":"product_cat","embeddable":true,"href":"https:\/\/interkultur.fr\/en\/wp-json\/wp\/v2\/product_cat?post=7586"},{"taxonomy":"product_tag","embeddable":true,"href":"https:\/\/interkultur.fr\/en\/wp-json\/wp\/v2\/product_tag?post=7586"}],"curies":[{"name":"wp","href":"https:\/\/api.w.org\/{rel}","templated":true}]}}

<!-- This site is optimized with the Yoast SEO plugin v27.4 - https://yoast.com/product/yoast-seo-wordpress/ -->
<title>Chartres - Interkultur</title>
<meta name="robots" content="index, follow, max-snippet:-1, max-image-preview:large, max-video-preview:-1" />
<link rel="canonical" href="https://interkultur.fr/en/produit/chartres/" />
<meta property="og:locale" content="en_US" />
<meta property="og:type" content="article" />
<meta property="og:title" content="Chartres - Interkultur" />
<meta property="og:description" content="Just under an hour by train from Paris, Chartres is a great and convenient getaway for a day out of Paris. The cathedral, celebrated by many writers and artists, is one of the most fundamental in medieval Gothic art. The town, with its medieval and lively center, offers multiple attractions for strolling and shopping. Finally, the tour will end with the discovery of the famous flower market (3 days a week)." />
<meta property="og:url" content="https://interkultur.fr/en/produit/chartres/" />
<meta property="og:site_name" content="Interkultur" />
<meta property="article:modified_time" content="2024-02-25T19:36:47+00:00" />
<meta property="og:image" content="https://interkultur.fr/wp-content/uploads/2024/02/Chartres-scaled.jpg" />
	<meta property="og:image:width" content="2560" />
	<meta property="og:image:height" content="1685" />
	<meta property="og:image:type" content="image/jpeg" />
<meta name="twitter:card" content="summary_large_image" />
<script type="application/ld+json" class="yoast-schema-graph">{"@context":"https:\/\/schema.org","@graph":[{"@type":"WebPage","@id":"https:\/\/interkultur.fr\/en\/produit\/chartres\/","url":"https:\/\/interkultur.fr\/en\/produit\/chartres\/","name":"Chartres - Interkultur","isPartOf":{"@id":"https:\/\/interkultur.fr\/en\/#website"},"primaryImageOfPage":{"@id":"https:\/\/interkultur.fr\/en\/produit\/chartres\/#primaryimage"},"image":{"@id":"https:\/\/interkultur.fr\/en\/produit\/chartres\/#primaryimage"},"thumbnailUrl":"https:\/\/interkultur.fr\/wp-content\/uploads\/2024\/02\/Chartres-scaled.jpg","datePublished":"2024-02-15T10:40:06+00:00","dateModified":"2024-02-25T19:36:47+00:00","breadcrumb":{"@id":"https:\/\/interkultur.fr\/en\/produit\/chartres\/#breadcrumb"},"inLanguage":"en-US","potentialAction":[{"@type":"ReadAction","target":["https:\/\/interkultur.fr\/en\/produit\/chartres\/"]}]},{"@type":"ImageObject","inLanguage":"en-US","@id":"https:\/\/interkultur.fr\/en\/produit\/chartres\/#primaryimage","url":"https:\/\/interkultur.fr\/wp-content\/uploads\/2024\/02\/Chartres-scaled.jpg","contentUrl":"https:\/\/interkultur.fr\/wp-content\/uploads\/2024\/02\/Chartres-scaled.jpg","width":2560,"height":1685},{"@type":"BreadcrumbList","@id":"https:\/\/interkultur.fr\/en\/produit\/chartres\/#breadcrumb","itemListElement":[{"@type":"ListItem","position":1,"name":"Accueil","item":"https:\/\/interkultur.fr\/en\/"},{"@type":"ListItem","position":2,"name":"Shop","item":"https:\/\/interkultur.fr\/en\/shop\/"},{"@type":"ListItem","position":3,"name":"Chartres"}]},{"@type":"WebSite","@id":"https:\/\/interkultur.fr\/en\/#website","url":"https:\/\/interkultur.fr\/en\/","name":"Interkultur","description":"Visites et événements culturels dans le Paris secret liés à l’Histoire, l’art, et la valorisation du patrimoine et des savoirs faire.","potentialAction":[{"@type":"SearchAction","target":{"@type":"EntryPoint","urlTemplate":"https:\/\/interkultur.fr\/en\/?s={search_term_string}"},"query-input":{"@type":"PropertyValueSpecification","valueRequired":true,"valueName":"search_term_string"}}],"inLanguage":"en-US"}]}</script>
<!-- / Yoast SEO plugin. -->

Visites et événements culturels dans le Paris secret liés à l’Histoire, l’art, et la valorisation du patrimoine et des savoirs faire.
